{"id":27741,"date":"2024-06-29T08:01:06","date_gmt":"2024-06-29T08:01:06","guid":{"rendered":"https:\/\/dienmaytuandat.com\/?post_type=product&#038;p=27741"},"modified":"2024-10-01T09:24:33","modified_gmt":"2024-10-01T09:24:33","slug":"may-giat-toshiba-inverter-105-kg-tw-t25bzu115mwvmg","status":"publish","type":"product","link":"https:\/\/dienmaytuandat.com\/index.php\/san-pham\/may-giat-toshiba-inverter-105-kg-tw-t25bzu115mwvmg\/","title":{"rendered":"M\u00e1y gi\u1eb7t Toshiba Inverter 10,5 kg TW-T25BZU115MWV(MG)"},"content":{"rendered":"<p><strong>T\u1ed5ng quan thi\u1ebft k\u1ebf<\/strong><br \/>\n&#8211; Ki\u1ec3u d\u00e1ng: m\u00e1y gi\u1eb7t l\u1ed3ng ngang \u2013 c\u1eeda tr\u01b0\u1edbc thi\u1ebft k\u1ebf sang tr\u1ecdng, g\u1ecdn g\u00e0ng v\u1edbi t\u00f4ng m\u00e0u \u0111en t\u1ea1o \u0111i\u1ec3m nh\u1ea5n cho kh\u00f4ng gian n\u1ed9i th\u1ea5t, d\u1ec5 d\u00e0ng \u0111\u1eb7t \u0111\u1ec3 trong ph\u00f2ng gi\u1eb7t hay khu v\u1ef1c gi\u1eb7t gi\u0169 nh\u00e0 b\u1ea1n.<\/p>\n<p>&#8211; B\u1ea3ng \u0111i\u1ec1u khi\u1ec3n c\u1ea3m \u1ee9ng song ng\u1eef Anh Vi\u1ec7t c\u00f3 n\u00fat nh\u1ea5n, m\u00e0n h\u00ecnh hi\u1ec3n th\u1ecb r\u00f5 n\u00e9t, ti\u1ec7n l\u1ee3i v\u00e0 linh ho\u1ea1t khi l\u1ef1a ch\u1ecdn ch\u01b0\u01a1ng tr\u00ecnh gi\u1eb7t.<\/p>\n<p>&#8211; V\u1ecf ngo\u00e0i b\u1eb1ng kim lo\u1ea1i s\u01a1n t\u0129nh \u0111i\u1ec7n b\u1ec1n b\u1ec9, n\u1eafp m\u00e1y b\u1eb1ng k\u00ednh c\u01b0\u1eddng l\u1ef1c 2 l\u1edbp c\u00f3 \u0111\u1ed9 b\u1ec1n cao, kh\u1ea3 n\u0103ng ch\u1ecbu t\u00e1c \u0111\u1ed9ng t\u1ed1t. \u0110\u1ed3ng th\u1eddi, n\u1eafp \u0111\u01b0\u1ee3c thi\u1ebft k\u1ebf trong su\u1ed1t gi\u00fap b\u1ea1n d\u1ec5 d\u00e0ng nh\u00ecn v\u00e0o b\u00ean trong, ti\u1ec7n theo d\u00f5i qu\u00e1 tr\u00ecnh gi\u1eb7t gi\u0169, \u0111\u00f3ng m\u1edf linh ho\u1ea1t.<\/p>\n<p>&#8211; L\u1ed3ng gi\u1eb7t b\u1eb1ng th\u00e9p kh\u00f4ng g\u1ec9, kh\u1ea3 n\u0103ng ch\u1ed1ng oxy ho\u00e1 t\u1ed1t, h\u1ea1n ch\u1ebf g\u1ec9 s\u00e9t, vi khu\u1ea9n v\u00e0 m\u1ea3ng b\u00e1m t\u00edch t\u1ee5 l\u00e2u ng\u00e0y, \u0111\u1ea3m b\u1ea3o m\u00e1y ho\u1ea1t \u0111\u1ed9ng b\u1ec1n b\u1ec9 h\u01a1n.<\/p>\n<p><strong>Kh\u1ed1i l\u01b0\u1ee3ng gi\u1eb7t v\u00e0 ch\u01b0\u01a1ng tr\u00ecnh gi\u1eb7t<\/strong><br \/>\n&#8211; M\u00e1y gi\u1eb7t Toshiba c\u00f3 kh\u1ed1i l\u01b0\u1ee3ng gi\u1eb7t 10.5 kg, ph\u00f9 h\u1ee3p v\u1edbi gia \u0111\u00ecnh tr\u00ean 7 th\u00e0nh vi\u00ean ho\u1eb7c gia \u0111\u00ecnh \u00edt th\u00e0nh vi\u00ean h\u01a1n nh\u01b0ng nhu c\u1ea7u gi\u1eb7t gi\u0169 h\u00e0ng ng\u00e0y cao.<\/p>\n<p>&#8211; T\u00edch h\u1ee3p s\u1eb5n 14 ch\u01b0\u01a1ng tr\u00ecnh gi\u1eb7t ti\u1ec7n l\u1ee3i, bao g\u1ed3m: gi\u1eb7t h\u01a1i n\u01b0\u1edbc, gi\u1eb7t nhanh 12 ph\u00fat, gi\u1eb7t nhanh 30 ph\u00fat, \u0111\u1ed3 cotton, \u0111\u1ed3 h\u1ed7n h\u1ee3p, \u0111\u1ed3 len, \u0111\u1ed3 th\u1ec3 thao,\u2026 Trong \u0111\u00f3, ch\u01b0\u01a1ng tr\u00ecnh gi\u1eb7t nhanh 30 ph\u00fat gi\u00fap \u0111\u1ea9y nhanh t\u1ed1c \u0111\u1ed9 gi\u1eb7t, ph\u00f9 h\u1ee3p v\u1edbi nh\u1eefng\u00a0qu\u1ea7n \u00e1o \u00edt b\u1ea9n.<\/p>\n<p><strong>C\u00f4ng ngh\u1ec7 gi\u1eb7t \u0111\u1eb7c bi\u1ec7t<\/strong><br \/>\n&#8211; C\u00f4ng ngh\u1ec7 UFB si\u00eau b\u1ecdt kh\u00ed Nano ho\u1ea1t \u0111\u1ed9ng b\u1eb1ng c\u00e1ch t\u1ea1o ra c\u00e1c b\u1ecdt kh\u00ed v\u1edbi k\u00edch th\u01b0\u1edbc si\u00eau nh\u1ecf h\u00fat c\u00e1c ph\u00e2n t\u1eed ch\u1ea5t gi\u1eb7t t\u1ea9y, ph\u00e2n b\u1ed5 \u0111\u1ebfn m\u1ecdi n\u01a1i trong n\u01b0\u1edbc gi\u00fap b\u1ed9t gi\u1eb7t th\u1ea9m th\u1ea5u v\u00e0o t\u1eebng s\u1ee3i v\u1ea3i, \u0111\u00e1nh bay nh\u1eefng v\u1ebft b\u1ea9n c\u1ee9ng \u0111\u1ea7u, \u0111\u1ed3ng th\u1eddi h\u1ed7 tr\u1ee3 n\u01b0\u1edbc x\u1ea3 v\u1ea3i ph\u00e1t huy c\u00f4ng d\u1ee5ng t\u1ed1i \u0111a, qu\u1ea7n \u00e1o th\u01a1m tho l\u00e2u h\u01a1n.<\/p>\n<p>&#8211; C\u00f4ng ngh\u1ec7 Aroma+ gi\u1eef b\u1ec1 m\u1eb7t s\u1ee3i v\u1ea3i lu\u00f4n m\u1ec1m m\u1ea1i, l\u01b0u h\u01b0\u01a1ng l\u00e2u h\u01a1n.<\/p>\n<p>&#8211; C\u00f4ng ngh\u1ec7 Color Alive gi\u00fap h\u1ea1n ch\u1ebf phai m\u00e0u qu\u1ea7n \u00e1o nh\u1edd h\u1ec7 th\u1ed1ng gi\u1eb7t \u0111\u01b0\u1ee3c thi\u1ebft k\u1ebf v\u1edbi kh\u1ea3 n\u0103ng gi\u1eb7t s\u1ea1ch t\u1ed1i \u01b0u, b\u1ea3o v\u1ec7 \u00e1o qu\u1ea7n gi\u1eef \u0111\u01b0\u1ee3c \u0111\u1ed9 b\u1ec1n m\u00e0u t\u1ed1t h\u01a1n.<\/p>\n<p>&#8211; C\u00f4ng ngh\u1ec7 Great Steam c\u00f3 kh\u1ea3 n\u0103ng di\u1ec7t s\u1ea1ch vi khu\u1ea9n b\u00e1m tr\u00ean \u00e1o qu\u1ea7n b\u1eb1ng c\u00e1ch s\u1eed d\u1ee5ng h\u01a1i n\u01b0\u1edbc n\u00f3ng \u1edf nhi\u1ec7t \u0111\u1ed9 cao, lo\u1ea1i b\u1ecf nhanh c\u00e1c t\u00e1c nh\u00e2n g\u00e2y d\u1ecb \u1ee9ng, b\u1ea3o v\u1ec7 s\u1ee9c kho\u1ebb c\u1ee7a c\u1ea3 gia \u0111\u00ecnh.<\/p>\n<p><strong>\u0110\u1ed9ng c\u01a1 \u2013 C\u00f4ng ngh\u1ec7 ti\u1ebft ki\u1ec7m \u0111i\u1ec7n<\/strong><br \/>\n&#8211; S\u1eed d\u1ee5ng \u0111\u1ed9ng c\u01a1 nam ch\u00e2m v\u0129nh c\u1eedu truy\u1ec1n \u0111\u1ed9ng d\u00e2y Curoa v\u1edbi t\u1ed1c \u0111\u1ed9 quay \u0111\u1ebfn 1400 v\u00f2ng\/ph\u00fat, \u0111\u1ed9 b\u1ec1n cao, m\u00e1y v\u1eadn h\u00e0nh \u00eam \u00e1i.<\/p>\n<p>&#8211; C\u00f4ng ngh\u1ec7 Origin Inverter gi\u00fap n\u00e2ng cao hi\u1ec7u qu\u1ea3 gi\u1eb7t gi\u0169 nh\u01b0ng v\u1eabn ti\u1ebft ki\u1ec7m \u0111i\u1ec7n n\u0103ng, c\u00e1c c\u1ea3m bi\u1ebfn th\u00f4ng minh gi\u00fap c\u0103n ch\u1ec9nh m\u1ef1c n\u01b0\u1edbc t\u1ed1i \u01b0u, \u0111i\u1ec1u ch\u1ec9nh t\u1ed1c \u0111\u1ed9 v\u00f2ng quay gi\u00fap gi\u1eb7t s\u1ea1ch \u00e1o qu\u1ea7n.<\/p>\n<p><strong>Ti\u1ec7n \u00edch<\/strong><br \/>\n&#8211; Van s\u1eed d\u1ee5ng m\u1ef1c n\u01b0\u1edbc th\u1ea5p tr\u00ean m\u00e1y gi\u1eb7t Toshiba \u0111\u00e3 \u0111\u01b0\u1ee3c c\u1ea3i ti\u1ebfn, cho t\u1ed1c \u0111\u1ed9 d\u00f2ng n\u01b0\u1edbc \u0111i v\u00e0o m\u00e1y gi\u1eb7t nhanh v\u00e0 m\u1ea1nh h\u01a1n. Nh\u1edd \u0111\u00f3, qu\u00e1 tr\u00ecnh ho\u1ea1t \u0111\u1ed9ng c\u1ee7a m\u00e1y gi\u1eb7t \u0111\u01b0\u1ee3c di\u1ec5n ra b\u00ecnh th\u01b0\u1eddng, ngay c\u1ea3 khi \u00e1p su\u1ea5t n\u01b0\u1edbc c\u1ea5p v\u00e0o r\u1ea5t th\u1ea5p.<\/p>\n<p>&#8211; H\u1eb9n gi\u1edd gi\u1eb7t k\u1ebft th\u00fac: b\u1ea1n c\u00f3 th\u1ec3 c\u00e0i \u0111\u1eb7t th\u1eddi gian \u0111\u1ec3 m\u00e1y gi\u1eb7t t\u1ef1 \u0111\u1ed9ng v\u1eadn h\u00e0nh, t\u00ednh n\u0103ng n\u00e0y \u0111\u1eb7c bi\u1ec7t ph\u00f9 h\u1ee3p v\u1edbi nh\u1eefng ng\u01b0\u1eddi b\u1eadn r\u1ed9n.<\/p>\n<p>&#8211; Kho\u00e1 tr\u1ebb em: kho\u00e1 b\u00e0n ph\u00edm \u0111i\u1ec1u khi\u1ec3n, tr\u00e1nh tr\u01b0\u1eddng h\u1ee3p tr\u1ebb ngh\u1ecbch ph\u00e1 nguy hi\u1ec3m khi m\u00e1y \u0111ang v\u1eadn h\u00e0nh.<\/p>\n<p>&#8211; Th\u00eam \u0111\u1ed3 trong khi gi\u1eb7t: ng\u01b0\u1eddi d\u00f9ng d\u1ec5 d\u00e0ng th\u00eam \u0111\u1ed3 trong khi gi\u1eb7t trong kho\u1ea3ng 15 ph\u00fat \u0111\u1ea7u ti\u00ean c\u1ee7a ch\u01b0\u01a1ng tr\u00ecnh n\u1ebfu l\u1ee1 b\u1ecf s\u00f3t qu\u1ea7n \u00e1o m\u00e0 kh\u00f4ng ph\u1ea3i ch\u1edd l\u1ea7n gi\u1eb7t ti\u1ebfp theo.<\/p>\n<p>&#8211; T\u1ef1 ph\u00e2n b\u1ed5 n\u01b0\u1edbc gi\u1eb7t v\u00e0 n\u01b0\u1edbc x\u1ea3 SenseDose: d\u1ef1a v\u00e0o kh\u1ed1i l\u01b0\u1ee3ng qu\u1ea7n \u00e1o, m\u00e1y t\u1ef1 \u0111\u1ed9ng c\u1ea5p n\u01b0\u1edbc gi\u1eb7t x\u1ea3 th\u00f4ng minh, \u0111em l\u1ea1i hi\u1ec7u qu\u1ea3 gi\u1eb7t s\u1ea1ch v\u01b0\u1ee3t tr\u1ed9i.<\/p>\n<p>&#8211; V\u1ec7 sinh l\u1ed3ng gi\u1eb7t: gi\u00fap lo\u1ea1i b\u1ecf b\u1ee5i b\u1ea9n, c\u00e1c m\u1ea3ng b\u00e1m \u0111\u1ec3 gi\u1eef l\u1ed3ng gi\u1eb7t s\u1ea1ch s\u1ebd, h\u1ea1n ch\u1ebf vi khu\u1ea9n v\u00e0 n\u1ea5m m\u1ed1c ph\u00e1t tri\u1ec3n.<\/p>\n<p>&#8211; V\u00f2ng \u0111\u1ec7m c\u1eeda kh\u00e1ng khu\u1ea9n gi\u00fap ng\u0103n ch\u1eb7n n\u1ea5m m\u1ed1c, vi khu\u1ea9n g\u00e2y m\u00f9i ph\u00e1t tri\u1ec3n gi\u00fap khu v\u1ef1c c\u1eeda m\u00e1y gi\u1eb7t lu\u00f4n \u0111\u01b0\u1ee3c s\u1ea1ch s\u1ebd.<\/p>\n<p>&nbsp;<\/p>\n","protected":false},"excerpt":{"rendered":"<p><span style=\"font-size: 14pt;\"><strong>\u0110\u1eb7c \u0110i\u1ec3m N\u1ed5i B\u1eadt<\/strong><\/span><\/p>\n<ul>\n<li>B\u1ea3ng \u0111i\u1ec1u khi\u1ec3n c\u1ea3m \u1ee9ng nhanh nh\u1ea1y, k\u00e8m h\u00ecnh minh h\u1ecda m\u00e0u s\u1eafc n\u00e9t \u0111\u1eb9p m\u1eaft<\/li>\n<li>L\u1ed3ng gi\u1eb7t si\u00eau l\u1edbn l\u00ean \u0111\u1ebfn 535mm, c\u1eeda m\u00e1y l\u1edbn d\u1ec5 c\u1ea5t l\u1ea5y qu\u1ea7n \u00e1o<\/li>\n<li>T\u1ed5ng l\u00ean \u0111\u1ebfn 14 ch\u01b0\u01a1ng tr\u00ecnh gi\u1eb7t, \u0111\u00e1p \u1ee9ng \u0111a d\u1ea1ng nhu c\u1ea7u gi\u1eb7t gi\u0169<\/li>\n<li>C\u00f4ng ngh\u1ec7 Origin Inverter ti\u1ebft ki\u1ec7m \u0111i\u1ec7n, v\u1eadn h\u00e0nh \u00eam \u00e1i v\u00e0 b\u1ec1n b\u1ec9<\/li>\n<li>C\u00f4ng ngh\u1ec7 gi\u1eb7t h\u01a1i n\u01b0\u1edbc cho kh\u1ea3 n\u0103ng di\u1ec7t khu\u1ea9n, kh\u1eed m\u00f9i hi\u1ec7u qu\u1ea3<\/li>\n<li>K\u1ebft n\u1ed1i Wifi \u0111i\u1ec1u khi\u1ec3n t\u1eeb xa b\u1eb1ng \u0111i\u1ec7n tho\u1ea1i qua \u1ee9ng d\u1ee5ng TSmartLife<\/li>\n<li>T\u00ednh n\u0103ng v\u1ec7 sinh l\u1ed3ng gi\u1eb7t h\u1ea1n ch\u1ebf vi khu\u1ea9n, n\u1ea5m m\u1ed1c, c\u1eb7n b\u1ea9n t\u00edch t\u1ee5<\/li>\n<li>M\u00e1y gi\u1eb7t Toshiba di\u1ec7n m\u1ea1o sang tr\u1ecdng, n\u00e2ng t\u1ea7m kh\u00f4ng gian sinh s\u1ed1ng<\/li>\n<\/ul>\n","protected":false},"featured_media":27748,"comment_status":"open","ping_status":"closed","template":"","meta":[],"product_brand":[],"product_cat":[28],"product_tag":[],"class_list":{"0":"post-27741","1":"product","2":"type-product","3":"status-publish","4":"has-post-thumbnail","6":"product_cat-may-giat","8":"first","9":"instock","10":"sale","11":"taxable","12":"shipping-taxable","13":"purchasable","14":"product-type-simple"},"_links":{"self":[{"href":"https:\/\/dienmaytuandat.com\/index.php\/wp-json\/wp\/v2\/product\/27741","targetHints":{"allow":["GET"]}}],"collection":[{"href":"https:\/\/dienmaytuandat.com\/index.php\/wp-json\/wp\/v2\/product"}],"about":[{"href":"https:\/\/dienmaytuandat.com\/index.php\/wp-json\/wp\/v2\/types\/product"}],"replies":[{"embeddable":true,"href":"https:\/\/dienmaytuandat.com\/index.php\/wp-json\/wp\/v2\/comments?post=27741"}],"version-history":[{"count":3,"href":"https:\/\/dienmaytuandat.com\/index.php\/wp-json\/wp\/v2\/product\/27741\/revisions"}],"predecessor-version":[{"id":30118,"href":"https:\/\/dienmaytuandat.com\/index.php\/wp-json\/wp\/v2\/product\/27741\/revisions\/30118"}],"wp:featuredmedia":[{"embeddable":true,"href":"https:\/\/dienmaytuandat.com\/index.php\/wp-json\/wp\/v2\/media\/27748"}],"wp:attachment":[{"href":"https:\/\/dienmaytuandat.com\/index.php\/wp-json\/wp\/v2\/media?parent=27741"}],"wp:term":[{"taxonomy":"product_brand","embeddable":true,"href":"https:\/\/dienmaytuandat.com\/index.php\/wp-json\/wp\/v2\/product_brand?post=27741"},{"taxonomy":"product_cat","embeddable":true,"href":"https:\/\/dienmaytuandat.com\/index.php\/wp-json\/wp\/v2\/product_cat?post=27741"},{"taxonomy":"product_tag","embeddable":true,"href":"https:\/\/dienmaytuandat.com\/index.php\/wp-json\/wp\/v2\/product_tag?post=27741"}],"curies":[{"name":"wp","href":"https:\/\/api.w.org\/{rel}","templated":true}]}}