{"id":27842,"date":"2024-07-01T03:20:22","date_gmt":"2024-07-01T03:20:22","guid":{"rendered":"https:\/\/dienmaytuandat.com\/?post_type=product&#038;p=27842"},"modified":"2024-10-01T02:58:31","modified_gmt":"2024-10-01T02:58:31","slug":"tu-lanh-toshiba-inverter-312-lit-gr-rt416we-pmv58-mm","status":"publish","type":"product","link":"https:\/\/dienmaytuandat.com\/index.php\/san-pham\/tu-lanh-toshiba-inverter-312-lit-gr-rt416we-pmv58-mm\/","title":{"rendered":"T\u1ee7 l\u1ea1nh Toshiba Inverter 312 l\u00edt GR-RT416WE-PMV(58)-MM"},"content":{"rendered":"<p><strong>T\u1ed5ng quan thi\u1ebft k\u1ebf<\/strong><br \/>\n&#8211; T\u1ee7 l\u1ea1nh Toshiba Inverter 312 l\u00edt GR-RT416WE-PMV(58)-MM \u0111\u01b0\u1ee3c thi\u1ebft k\u1ebf theo d\u00f2ng t\u1ee7 l\u1ea1nh ng\u0103n \u0111\u00e1 tr\u00ean quen thu\u1ed9c. Trong \u0111\u00f3, ch\u1ea5t li\u1ec7u c\u1eeda t\u1ee7 \u0111\u01b0\u1ee3c l\u00e0m b\u1eb1ng th\u00e9p kh\u00f4ng g\u1ec9 c\u00f3 m\u00e0u x\u00e1m, d\u1ec5 d\u00e0ng ph\u1ed1i h\u1ee3p v\u1edbi c\u00e1c n\u1ed9i th\u1ea5t kh\u00e1c b\u00ean trong khu v\u1ef1c n\u1ea5u n\u01b0\u1edbng c\u1ee7a gia \u0111\u00ecnh.<br \/>\n&#8211; S\u1ea3n ph\u1ea9m c\u00f3 dung t\u00edch s\u1eed d\u1ee5ng 312 l\u00edt, \u0111\u00e1p \u1ee9ng nhu c\u1ea7u b\u1ea3o qu\u1ea3n th\u1ef1c ph\u1ea9m t\u1ed1i \u01b0u cho c\u00e1c h\u1ed9 gia \u0111\u00ecnh t\u1eeb 3 &#8211; 4 ng\u01b0\u1eddi.<br \/>\n<strong>Ng\u0103n \u0111\u00e1<\/strong><br \/>\n&#8211; Dung t\u00edch ng\u0103n \u0111\u00e1 84 l\u00edt. Kh\u00f4ng gian b\u00ean trong \u0111\u01b0\u1ee3c thi\u1ebft k\u1ebf 1 khay chia l\u00e0m 2 ng\u0103n c\u00f9ng v\u1edbi 2 khay ch\u1ee9a n\u1eb1m b\u00ean c\u00e1nh c\u1eeda t\u1ee7.<br \/>\n&#8211; Khay \u0111\u00e1 \u0111\u01b0\u1ee3c thi\u1ebft k\u1ebf d\u1ea1ng h\u1ed9p v\u00e0 c\u00f3 th\u1ec3 di chuy\u1ec3n ti\u1ec7n l\u1ee3i, g\u1ed3m c\u00f3 v\u1ec9 \u0111\u00e1 ph\u00eda tr\u00ean v\u00e0 h\u1ed9p \u0111\u1ef1ng \u0111\u00e1 ph\u00eda d\u01b0\u1edbi.<br \/>\n<strong>Ng\u0103n l\u1ea1nh<\/strong><br \/>\nDung t\u00edch ng\u0103n l\u1ea1nh 228 l\u00edt. Kh\u00f4ng gian b\u00ean trong g\u1ed3m c\u00f3 1 h\u1ed9c k\u00e9o, 2 k\u1ec7 chia l\u00e0m 3 ng\u0103n v\u00e0 1 ng\u0103n rau c\u1ee7 qu\u1ea3. Ngo\u00e0i ra, b\u00ean c\u00e1nh c\u1eeda t\u1ee7 l\u1ea1nh c\u00f2n \u0111\u01b0\u1ee3c thi\u1ebft k\u1ebf 5 khay ch\u1ee9a ti\u1ec7n l\u1ee3i.<br \/>\n<strong>C\u00f4ng ngh\u1ec7 ti\u1ebft ki\u1ec7m \u0111i\u1ec7n<\/strong><br \/>\nC\u00f4ng ngh\u1ec7 Origin Inverter: K\u1ebft h\u1ee3p qu\u1ea1t v\u00e0 m\u00e1y n\u00e9n \u0111\u1ec3 duy tr\u00ec nhi\u1ec7t \u0111\u1ed9 b\u00ean trong t\u1ee7 l\u1ea1nh Toshiba lu\u00f4n \u1ed5n \u0111\u1ecbnh, \u0111\u1ed3ng th\u1eddi c\u00f2n gi\u00fap cho t\u1ee7 l\u1ea1nh v\u1eadn h\u00e0nh \u00eam \u00e1i v\u00e0 s\u1eed d\u1ee5ng \u0111i\u1ec7n n\u0103ng ti\u1ebft ki\u1ec7m t\u1ed1i \u0111a.<br \/>\n<strong>C\u00f4ng ngh\u1ec7 l\u00e0m l\u1ea1nh + C\u00f4ng ngh\u1ec7 b\u1ea3o qu\u1ea3n th\u1ef1c ph\u1ea9m<\/strong><br \/>\n&#8211; Lu\u1ed3ng kh\u00ed l\u1ea1nh \u0111a chi\u1ec1u Multi Air Flow: H\u01a1i l\u1ea1nh \u0111\u01b0\u1ee3c t\u1ecfa ra t\u1eeb c\u00e1c c\u1eeda tho\u00e1t h\u01a1i l\u1ea1nh v\u00e0 ph\u00e2n b\u1ed5 kh\u1eafp m\u1ecdi ng\u00f3c ng\u00e1ch b\u00ean trong m\u1ed7i ng\u0103n t\u1ee7, gi\u00fap cho th\u1ef1c ph\u1ea9m \u0111\u01b0\u1ee3c l\u00e0m l\u1ea1nh to\u00e0n di\u1ec7n v\u00e0 gi\u1ea3m thi\u1ec3u t\u1ef7 l\u1ec7 h\u01b0 h\u1ecfng.<br \/>\n&#8211; Ng\u0103n rau qu\u1ea3 Origin Fresh: Cho ph\u00e9p b\u1ea1n t\u00f9y ch\u1ec9nh \u0111\u1ed9 \u1ea9m b\u00ean trong ng\u0103n ch\u1ee9a theo 2 m\u1ee9c t\u1eeb 60% &#8211; 80%, gi\u00fap rau c\u1ee7 gi\u1ea3m thi\u1ec3u \u0111\u01b0\u1ee3c t\u00ecnh tr\u1ea1ng \u00fang ho\u1eb7c h\u00e9o trong su\u1ed1t th\u1eddi gian b\u1ea3o qu\u1ea3n, th\u00edch h\u1ee3p cho c\u00e1c h\u1ed9 gia \u0111\u00ecnh s\u1eed d\u1ee5ng rau c\u1ee7 qu\u1ea3 th\u01b0\u1eddng xuy\u00ean.<br \/>\n<strong>C\u00f4ng ngh\u1ec7 kh\u00e1ng khu\u1ea9n kh\u1eed m\u00f9i<\/strong><br \/>\nC\u00f4ng ngh\u1ec7 PureBio b\u1ed9 l\u1ecdc tinh th\u1ec3 Ag+: S\u1eed d\u1ee5ng b\u1ed9 l\u1ecdc b\u1eb1ng g\u1ed1m s\u1ee9 (ceramic) \u0111\u01b0\u1ee3c thi\u1ebft k\u1ebf d\u1ea1ng t\u1ed5 ong, \u0111\u1ed3ng th\u1eddi nh\u00fang tinh th\u1ec3 B\u1ea1c Ag+ v\u00e0 than ho\u1ea1t t\u00ednh.<br \/>\nV\u00ec th\u1ebf, c\u00f4ng ngh\u1ec7 n\u00e0y c\u00f3 kh\u1ea3 n\u0103ng kh\u1eed m\u00f9i to\u00e0n di\u1ec7n v\u00e0 di\u1ec7t khu\u1ea9n \u0111\u1ebfn t\u1eadn 99.99%, g\u00f3p ph\u1ea7n duy tr\u00ec \u0111\u1ed9 t\u01b0\u01a1i ngon th\u1ef1c ph\u1ea9m t\u1ed1t h\u01a1n v\u00e0 \u0111\u1ea3m b\u1ea3o kh\u00f4ng gian b\u00ean trong t\u1ee7 l\u1ea1nh Toshiba 312 l\u00edt n\u00e0y lu\u00f4n s\u1ea1ch s\u1ebd, th\u00f4ng tho\u00e1ng.<br \/>\n<strong>B\u1ea3ng \u0111i\u1ec1u khi\u1ec3n<\/strong><br \/>\nB\u1ea3ng \u0111i\u1ec1u khi\u1ec3n \u0111\u01b0\u1ee3c thi\u1ebft k\u1ebf d\u1ea1ng n\u00fat nh\u1ea5n, d\u1ec5 d\u00e0ng thao t\u00e1c v\u00e0 s\u1eed d\u1ee5ng. H\u01a1n n\u1eefa, n\u00f3 c\u00f2n \u0111\u01b0\u1ee3c b\u1ed1 tr\u00ed ph\u00eda b\u00ean trong t\u1ee7 l\u1ea1nh, tr\u00e1nh tr\u1ebb nh\u1ecf ngh\u1ecbch ph\u00e1.<br \/>\n<strong>Ti\u1ec7n \u00edch<\/strong><br \/>\nKhay \u0111\u00e1 di \u0111\u1ed9ng: Cho ph\u00e9p b\u1ea1n di chuy\u1ec3n khay \u0111\u00e1 \u0111\u1ebfn b\u1ea5t k\u1ef3 v\u1ecb tr\u00ed n\u00e0o ho\u1eb7c th\u00e1o r\u1eddi \u0111\u1ec3 thu\u1eadn ti\u1ec7n cho vi\u1ec7c b\u1ea3o qu\u1ea3n c\u00e1c th\u1ef1c ph\u1ea9m kh\u00e1c b\u00ean trong ng\u0103n \u0111\u00e1 t\u1ee7 l\u1ea1nh.<\/p>\n","protected":false},"excerpt":{"rendered":"<p><strong>\u0110\u1eb7c \u0110i\u1ec3m N\u1ed5i B\u1eadt<\/strong><br \/>\nC\u00f4ng ngh\u1ec7 Origin Inverter ti\u1ebft ki\u1ec7m \u0111i\u1ec7n t\u1ed1i \u01b0u, v\u1eadn h\u00e0nh \u00eam \u00e1i, b\u1ec1n b\u1ec9<br \/>\nC\u00f4ng ngh\u1ec7 Pure Bio kh\u1eed m\u00f9i, di\u1ec7t khu\u1ea9n hi\u1ec7u qu\u1ea3, b\u1ea3o v\u1ec7 s\u1ee9c kh\u1ecfe \u0103n u\u1ed1ngNg\u0103n rau Origin Fresh 2 m\u1ee9c \u0111i\u1ec1u ch\u1ec9nh \u0111\u1ed9 \u1ea9m, b\u1ea3o qu\u1ea3n t\u1ed1t rau c\u1ee7 v\u00e0 tr\u00e1i c\u00e2y<br \/>\nB\u1ea3ng \u0111i\u1ec1u khi\u1ec3n \u0111i\u1ec7n t\u1eed d\u1ec5 d\u00e0ng \u0111i\u1ec1u ch\u1ec9nh nhi\u1ec7t \u0111\u1ed9 theo t\u1eebng nhu c\u1ea7u<br \/>\nK\u1ec7 k\u00ednh c\u01b0\u1eddng l\u1ef1c b\u1ec1n ch\u1eafc, ch\u1ecbu \u0111\u01b0\u1ee3c v\u1eadt n\u1eb7ng, c\u00f3 th\u1ec3 di chuy\u1ec3n linh ho\u1ea1t<br \/>\nT\u1ee7 l\u1ea1nh ng\u0103n \u0111\u00e1 tr\u00ean m\u00e0u X\u00e1m Maya hi\u1ec7n \u0111\u1ea1i, ph\u00f9 h\u1ee3p m\u1ecdi kh\u00f4ng gian<\/p>\n","protected":false},"featured_media":27844,"comment_status":"open","ping_status":"closed","template":"","meta":[],"product_brand":[],"product_cat":[20],"product_tag":[],"class_list":{"0":"post-27842","1":"product","2":"type-product","3":"status-publish","4":"has-post-thumbnail","6":"product_cat-tu-lanh","8":"first","9":"instock","10":"sale","11":"taxable","12":"shipping-taxable","13":"purchasable","14":"product-type-simple"},"_links":{"self":[{"href":"https:\/\/dienmaytuandat.com\/index.php\/wp-json\/wp\/v2\/product\/27842","targetHints":{"allow":["GET"]}}],"collection":[{"href":"https:\/\/dienmaytuandat.com\/index.php\/wp-json\/wp\/v2\/product"}],"about":[{"href":"https:\/\/dienmaytuandat.com\/index.php\/wp-json\/wp\/v2\/types\/product"}],"replies":[{"embeddable":true,"href":"https:\/\/dienmaytuandat.com\/index.php\/wp-json\/wp\/v2\/comments?post=27842"}],"version-history":[{"count":3,"href":"https:\/\/dienmaytuandat.com\/index.php\/wp-json\/wp\/v2\/product\/27842\/revisions"}],"predecessor-version":[{"id":30091,"href":"https:\/\/dienmaytuandat.com\/index.php\/wp-json\/wp\/v2\/product\/27842\/revisions\/30091"}],"wp:featuredmedia":[{"embeddable":true,"href":"https:\/\/dienmaytuandat.com\/index.php\/wp-json\/wp\/v2\/media\/27844"}],"wp:attachment":[{"href":"https:\/\/dienmaytuandat.com\/index.php\/wp-json\/wp\/v2\/media?parent=27842"}],"wp:term":[{"taxonomy":"product_brand","embeddable":true,"href":"https:\/\/dienmaytuandat.com\/index.php\/wp-json\/wp\/v2\/product_brand?post=27842"},{"taxonomy":"product_cat","embeddable":true,"href":"https:\/\/dienmaytuandat.com\/index.php\/wp-json\/wp\/v2\/product_cat?post=27842"},{"taxonomy":"product_tag","embeddable":true,"href":"https:\/\/dienmaytuandat.com\/index.php\/wp-json\/wp\/v2\/product_tag?post=27842"}],"curies":[{"name":"wp","href":"https:\/\/api.w.org\/{rel}","templated":true}]}}