{"id":28234,"date":"2024-07-06T09:10:44","date_gmt":"2024-07-06T09:10:44","guid":{"rendered":"https:\/\/dienmaytuandat.com\/?post_type=product&#038;p=28234"},"modified":"2024-10-01T09:49:05","modified_gmt":"2024-10-01T09:49:05","slug":"may-giat-toshiba-inverter-10-kg-tw-t21bu110uwvmg","status":"publish","type":"product","link":"https:\/\/dienmaytuandat.com\/index.php\/san-pham\/may-giat-toshiba-inverter-10-kg-tw-t21bu110uwvmg\/","title":{"rendered":"M\u00e1y gi\u1eb7t Toshiba Inverter 10 kg TW-T21BU110UWV(MG)"},"content":{"rendered":"<p><strong>T\u1ed5ng quan thi\u1ebft k\u1ebf<\/strong><br \/>\n&#8211; Ki\u1ec3u d\u00e1ng: m\u00e1y gi\u1eb7t c\u1eeda tr\u01b0\u1edbc &#8211; l\u1ed3ng ngang v\u1edbi thi\u1ebft k\u1ebf h\u00ecnh kh\u1ed1i ch\u1eef nh\u1eadt \u0111\u1ee9ng ch\u1eafc ch\u1eafn, t\u00f4ng m\u00e0u x\u00e1m \u0111\u1eadm thanh l\u1ecbch, trang tr\u00ed h\u00e0i h\u00f2a v\u1edbi c\u00e1c kh\u00f4ng gian n\u1ed9i th\u1ea5t kh\u00e1c nhau.<\/p>\n<p>&#8211; B\u1ea3ng \u0111i\u1ec1u khi\u1ec3n song ng\u1eef Anh &#8211; Vi\u1ec7t c\u00f3 n\u00fat xoay, c\u1ea3m \u1ee9ng v\u00e0 m\u00e0n h\u00ecnh hi\u1ec3n th\u1ecb th\u00e2n thi\u1ec7n, cho b\u1ea1n d\u1ec5 d\u00e0ng n\u1eafm b\u1eaft c\u00e1c ch\u01b0\u01a1ng tr\u00ecnh, t\u00ednh n\u0103ng v\u00e0 t\u00f9y ch\u1ec9nh linh ho\u1ea1t, ch\u00ednh x\u00e1c.<\/p>\n<p>&#8211; N\u1eafp m\u00e1y gi\u1eb7t Toshiba \u0111\u01b0\u1ee3c l\u00e0m t\u1eeb k\u00ednh ch\u1ecbu l\u1ef1c, gi\u00fap gi\u1ea3m hi\u1ec7n t\u01b0\u1ee3ng rung ch\u1ea5n, h\u1ea1n ch\u1ebf k\u1eb9t tay b\u1ea3o v\u1ec7 khung c\u1eeda c\u1ee7a m\u00e1y.<\/p>\n<p>&#8211; L\u1ed3ng gi\u1eb7t b\u1eb1ng th\u00e9p kh\u00f4ng g\u1ec9 nh\u1eb1m ng\u0103n ng\u1eeba s\u1ef1 ph\u00e1t tri\u1ec3n c\u1ee7a vi khu\u1ea9n c\u00f3 h\u1ea1i, gi\u00fap qu\u1ea7n \u00e1o gi\u1eb7t s\u1ea1ch h\u01a1n v\u00e0 c\u1ea3i thi\u1ec7n tu\u1ed5i th\u1ecd c\u1ee7a m\u00e1y gi\u1eb7t.<br \/>\nKh\u1ed1i l\u01b0\u1ee3ng gi\u1eb7t v\u00e0 ch\u01b0\u01a1ng tr\u00ecnh<br \/>\n&#8211; Kh\u1ed1i l\u01b0\u1ee3ng gi\u1eb7t 10 kg ph\u00f9 h\u1ee3p cho nhu c\u1ea7u gi\u1eb7t gi\u0169 c\u1ee7a gia \u0111\u00ecnh t\u1eeb 5 &#8211; 7 th\u00e0nh vi\u00ean.<\/p>\n<p>&#8211; \u0110\u01b0\u1ee3c t\u00edch h\u1ee3p s\u1eb5n 15 ch\u01b0\u01a1ng tr\u00ecnh ho\u1ea1t \u0111\u1ed9ng: b\u1ea3o v\u1ec7 m\u00e0u, \u0111\u1ed3 tr\u1eafng, chu tr\u00ecnh t\u1ea3i v\u1ec1, gi\u1eb7t 45 ph\u00fat, gi\u1eb7t h\u01a1i n\u01b0\u1edbc, gi\u1eb7t nhanh 15 ph\u00fat, gi\u1eb7t ti\u1ebft ki\u1ec7m, v\u1eaft,&#8230; Trong \u0111\u00f3 c\u00f3 ch\u01b0\u01a1ng tr\u00ecnh gi\u1eb7t nhanh 15 ph\u00fat nhanh ch\u00f3ng x\u1eed l\u00fd c\u00e1c m\u1ebb \u0111\u1ed3 m\u1ecfng \u00edt b\u1ea9n\/b\u1ea9n nh\u1eb9, gi\u00fap ti\u1ebft ki\u1ec7m th\u1eddi gian v\u00e0 chi ph\u00ed nh\u01b0ng v\u1eabn \u0111\u1ea3m b\u1ea3o hi\u1ec7u qu\u1ea3 gi\u1eb7t s\u1ea1ch.<\/p>\n<p><strong>C\u00f4ng ngh\u1ec7 gi\u1eb7t<\/strong><br \/>\n&#8211; M\u00e1y gi\u1eb7t s\u1eed d\u1ee5ng c\u00f4ng ngh\u1ec7 UFB si\u00eau b\u1ecdt kh\u00ed NANO, c\u00f3 kh\u1ea3 n\u0103ng th\u1ea5m s\u00e2u v\u00e0o c\u00e1c s\u1ee3i v\u1ea3i. C\u00e1c b\u1ecdt kh\u00ed n\u00e0y sau \u0111\u00f3 nhanh ch\u00f3ng lo\u1ea1i b\u1ecf c\u00e1c v\u1ebft b\u1ea9n b\u00e1m tr\u00ean qu\u1ea7n \u00e1o, gi\u00fap ti\u1ebft ki\u1ec7m b\u1ed9t gi\u1eb7t m\u1ed9t c\u00e1ch hi\u1ec7u qu\u1ea3<br \/>\n&#8211; Color Alive: h\u1ec7 th\u1ed1ng gi\u1eb7t \u0111\u01b0\u1ee3c t\u1ed1i \u01b0u h\u00f3a \u0111\u1ec3 \u0111\u1ea3m b\u1ea3o r\u1eeda s\u1ea1ch v\u01b0\u1ee3t tr\u1ed9i v\u00e0 ng\u0103n ch\u1eb7n t\u00ecnh tr\u1ea1ng bi\u1ebfn d\u1ea1ng s\u1ee3i v\u1ea3i. Khi qu\u1ea7n \u00e1o \u0111\u01b0\u1ee3c gi\u1eb7t xong, m\u00e0u s\u1eafc c\u1ee7a ch\u00fang v\u1eabn \u0111\u01b0\u1ee3c b\u1ea3o t\u1ed3n m\u1ed9t c\u00e1ch t\u1ed1i \u01b0u.<br \/>\n&#8211; C\u00f4ng ngh\u1ec7 Great Steam s\u1eed d\u1ee5ng s\u1ee9c n\u00f3ng t\u1eeb h\u01a1i n\u01b0\u1edbc \u0111\u1ec3 ti\u00eau di\u1ec7t hi\u1ec7u qu\u1ea3 c\u00e1c lo\u1ea1i vi khu\u1ea9n g\u1eafn k\u1ebft tr\u00ean qu\u1ea7n \u00e1o. \u0110\u1eb7c bi\u1ec7t, n\u00f3 c\u0169ng lo\u1ea1i b\u1ecf nhanh ch\u00f3ng c\u00e1c t\u00e1c nh\u00e2n g\u00e2y d\u1ecb \u1ee9ng tr\u00ean b\u1ec1 m\u1eb7t qu\u1ea7n \u00e1o.<br \/>\n<strong>\u0110\u1ed9ng c\u01a1 &#8211; C\u00f4ng ngh\u1ec7 ti\u1ebft ki\u1ec7m \u0111i\u1ec7n<\/strong><br \/>\n&#8211; Ki\u1ec3u \u0111\u1ed9ng c\u01a1: nam ch\u00e2m v\u0129nh c\u1eedu truy\u1ec1n \u0111\u1ed9ng d\u00e2y Curoa k\u1ebft h\u1ee3p c\u00f9ng \u0111\u1ed9ng c\u01a1 Origin Inverter gi\u00fap ti\u1ebft ki\u1ec7m \u0111i\u1ec7n n\u0103ng ti\u00eau th\u1ee5.<\/p>\n<p>&#8211; Nh\u00e3n n\u0103ng l\u01b0\u1ee3ng chu\u1ea9n 5 sao, hi\u1ec7u su\u1ea5t s\u1eed d\u1ee5ng \u0111i\u1ec7n l\u00e0 9.9 Wh\/kg.<\/p>\n<p><strong>Ti\u1ec7n \u00edch<\/strong><br \/>\n&#8211; Kh\u00f3a tr\u1ebb em: h\u1ea1n ch\u1ebf tr\u1ebb \u0111\u00f9a ngh\u1ecbch ho\u1eb7c v\u00f4 t\u00ecnh thao t\u00e1c sai tr\u00ean b\u1ea3ng \u0111i\u1ec1u khi\u1ec3n, h\u1ea1n ch\u1ebf v\u1ea5n \u0111\u1ec1 \u0111\u00f3 b\u1eb1ng c\u00e1ch kh\u00f3a c\u00e1c ph\u00edm ch\u1ee9c n\u0103ng khi k\u00edch ho\u1ea1t ti\u1ec7n \u00edch n\u00e0y.<\/p>\n<p>&#8211; N\u1ebfu b\u1ea1n b\u1ecf s\u00f3t vi\u1ec7c th\u00eam \u0111\u1ed3 v\u00e0o m\u00e1y gi\u1eb7t sau khi \u0111\u00e3 b\u1eaft \u0111\u1ea7u ch\u01b0\u01a1ng tr\u00ecnh, b\u1ea1n c\u00f3 th\u1ec3 s\u1eed d\u1ee5ng t\u00ednh n\u0103ng th\u00eam \u0111\u1ed3 v\u00e0o m\u00e1y m\u1ed9t c\u00e1ch ti\u1ec7n l\u1ee3i v\u00e0 \u0111\u01a1n gi\u1ea3n.<\/p>\n<p>&#8211; Van s\u1eed d\u1ee5ng \u0111\u01b0\u1ee3c v\u1edbi \u00e1p l\u1ef1c n\u01b0\u1edbc y\u1ebfu: c\u1ea5u tr\u00fac van c\u1ea5p n\u01b0\u1edbc tr\u00ean d\u00f2ng m\u00e1y gi\u1eb7t Toshiba BU-UWV \u0111\u00e3 \u0111\u01b0\u1ee3c c\u1ea3i ti\u1ebfn, cho t\u1ed1c \u0111\u1ed9 d\u00f2ng n\u01b0\u1edbc \u0111i v\u00e0o m\u00e1y gi\u1eb7t nhanh v\u00e0 m\u1ea1nh h\u01a1n. Nh\u1edd \u0111\u00f3, qu\u00e1 tr\u00ecnh ho\u1ea1t \u0111\u1ed9ng c\u1ee7a m\u00e1y gi\u1eb7t \u0111\u01b0\u1ee3c di\u1ec5n ra b\u00ecnh th\u01b0\u1eddng, ngay c\u1ea3 khi \u00e1p su\u1ea5t n\u01b0\u1edbc c\u1ea5p v\u00e0o r\u1ea5t th\u1ea5p. C\u00f3 th\u1ec3 n\u00f3i, van c\u1ea5p n\u01b0\u1edbc m\u1edbi n\u00e0y s\u1ebd gi\u00fap cho m\u00e1y gi\u1eb7t Toshiba c\u00f3 th\u1ec3 ho\u1ea1t \u0111\u1ed9ng v\u1edbi \u00e1p l\u1ef1c t\u1eeb 0.01MPa (t\u01b0\u01a1ng \u0111\u01b0\u01a1ng 1m).<\/p>\n<p>&#8211; H\u1eb9n gi\u1edd gi\u1eb7t k\u1ebft th\u00fac: cho ph\u00e9p b\u1ea1n d\u1ec5 d\u00e0ng l\u00ean l\u1ecbch gi\u1eb7t \u0111\u1ed3 v\u00e0o c\u00e1c m\u1ed1c th\u1eddi gian mong mu\u1ed1n, \u0111\u1ea3m b\u1ea3o qu\u1ea7n \u00e1o lu\u00f4n s\u1ea1ch s\u1ebd v\u00e0 s\u1eb5n s\u00e0ng khi b\u1ea1n c\u1ea7n ch\u00fang.<\/p>\n<p>&#8211; K\u1ebft n\u1ed1i Wifi v\u00e0 \u0111i\u1ec1u khi\u1ec3n t\u1eeb xa b\u1eb1ng \u0111i\u1ec7n tho\u1ea1i th\u00f4ng minh qua ph\u1ea7n m\u1ec1m TSmartLife: v\u1edbi \u1ee9ng d\u1ee5ng n\u00e0y, b\u1ea1n c\u00f3 kh\u1ea3 n\u0103ng qu\u1ea3n l\u00fd ho\u1ea1t \u0111\u1ed9ng c\u1ee7a m\u00e1y gi\u1eb7t, theo d\u00f5i ch\u01b0\u01a1ng tr\u00ecnh v\u00e0 t\u1eadn h\u01b0\u1edfng c\u00e1c ti\u1ec7n \u00edch kh\u00e1c m\u1ed9t c\u00e1ch d\u1ec5 d\u00e0ng v\u00e0 thu\u1eadn ti\u1ec7n.<\/p>\n","protected":false},"excerpt":{"rendered":"<p><span style=\"font-size: 14pt;\"><strong>\u0110\u1eb7c \u0110i\u1ec3m N\u1ed5i B\u1eadt<\/strong><\/span><\/p>\n<ul>\n<li>T\u1ed5ng l\u00ean \u0111\u1ebfn 15 ch\u01b0\u01a1ng tr\u00ecnh gi\u1eb7t, \u0111\u00e1p \u1ee9ng \u0111a d\u1ea1ng nhu c\u1ea7u gi\u1eb7t gi\u0169<\/li>\n<li>C\u00f4ng ngh\u1ec7 Origin Inverter ti\u1ebft ki\u1ec7m \u0111i\u1ec7n, v\u1eadn h\u00e0nh \u00eam \u00e1i v\u00e0 b\u1ec1n b\u1ec9<\/li>\n<li>Gi\u1eb7t si\u00eau s\u1ea1ch, b\u1ea3o v\u1ec7 s\u1ee3i v\u1ea3i t\u1ed1i \u01b0u v\u1edbi c\u00f4ng ngh\u1ec7 Great Waves Pro<\/li>\n<li>C\u00f4ng ngh\u1ec7 Aroma+ gi\u00fap \u0111\u1ed3 sau khi gi\u1eb7t th\u01a1m h\u01a1n, m\u1ec1m m\u1ea1i h\u01a1n<\/li>\n<li>C\u00f4ng ngh\u1ec7 gi\u1eb7t h\u01a1i n\u01b0\u1edbc Great Steam kh\u1eed m\u00f9i, di\u1ec7t khu\u1ea9n hi\u1ec7u qu\u1ea3<\/li>\n<li>T\u00ednh n\u0103ng k\u1ebft n\u1ed1i Wifi \u0111\u1ec3 \u0111i\u1ec1u khi\u1ec3n, gi\u00e1m s\u00e1t th\u00f4ng qua Smartphone<\/li>\n<li>M\u00e1y gi\u1eb7t Toshiba trang b\u1ecb van s\u1eed d\u1ee5ng \u0111\u01b0\u1ee3c n\u01b0\u1edbc v\u1edbi \u00e1p l\u1ef1c y\u1ebfu<\/li>\n<li>M\u00e1y gi\u1eb7t Toshiba di\u1ec7n m\u1ea1o sang tr\u1ecdng, n\u00e2ng t\u1ea7m kh\u00f4ng gian sinh s\u1ed1ng<\/li>\n<\/ul>\n","protected":false},"featured_media":28235,"comment_status":"open","ping_status":"closed","template":"","meta":[],"product_brand":[],"product_cat":[28],"product_tag":[],"class_list":{"0":"post-28234","1":"product","2":"type-product","3":"status-publish","4":"has-post-thumbnail","6":"product_cat-may-giat","8":"first","9":"instock","10":"sale","11":"taxable","12":"shipping-taxable","13":"purchasable","14":"product-type-simple"},"_links":{"self":[{"href":"https:\/\/dienmaytuandat.com\/index.php\/wp-json\/wp\/v2\/product\/28234","targetHints":{"allow":["GET"]}}],"collection":[{"href":"https:\/\/dienmaytuandat.com\/index.php\/wp-json\/wp\/v2\/product"}],"about":[{"href":"https:\/\/dienmaytuandat.com\/index.php\/wp-json\/wp\/v2\/types\/product"}],"replies":[{"embeddable":true,"href":"https:\/\/dienmaytuandat.com\/index.php\/wp-json\/wp\/v2\/comments?post=28234"}],"version-history":[{"count":2,"href":"https:\/\/dienmaytuandat.com\/index.php\/wp-json\/wp\/v2\/product\/28234\/revisions"}],"predecessor-version":[{"id":30116,"href":"https:\/\/dienmaytuandat.com\/index.php\/wp-json\/wp\/v2\/product\/28234\/revisions\/30116"}],"wp:featuredmedia":[{"embeddable":true,"href":"https:\/\/dienmaytuandat.com\/index.php\/wp-json\/wp\/v2\/media\/28235"}],"wp:attachment":[{"href":"https:\/\/dienmaytuandat.com\/index.php\/wp-json\/wp\/v2\/media?parent=28234"}],"wp:term":[{"taxonomy":"product_brand","embeddable":true,"href":"https:\/\/dienmaytuandat.com\/index.php\/wp-json\/wp\/v2\/product_brand?post=28234"},{"taxonomy":"product_cat","embeddable":true,"href":"https:\/\/dienmaytuandat.com\/index.php\/wp-json\/wp\/v2\/product_cat?post=28234"},{"taxonomy":"product_tag","embeddable":true,"href":"https:\/\/dienmaytuandat.com\/index.php\/wp-json\/wp\/v2\/product_tag?post=28234"}],"curies":[{"name":"wp","href":"https:\/\/api.w.org\/{rel}","templated":true}]}}