{"id":28689,"date":"2024-07-14T13:04:00","date_gmt":"2024-07-14T13:04:00","guid":{"rendered":"https:\/\/dienmaytuandat.com\/?post_type=product&#038;p=28689"},"modified":"2024-07-15T02:47:19","modified_gmt":"2024-07-15T02:47:19","slug":"loa-daiton-ts-18a1800","status":"publish","type":"product","link":"https:\/\/dienmaytuandat.com\/index.php\/san-pham\/loa-daiton-ts-18a1800\/","title":{"rendered":"Loa DaIton TS &#8211; 18A1800"},"content":{"rendered":"<p>\u0110\u1eb6C \u0110I\u1ec2M N\u1ed4I B\u1eacT<\/p>\n<p>\u0110\u00e2y l\u00e0 d\u00f2ng loa k\u00e9o \u0111i\u1ec7n cao c\u1ea5p c\u1ee7a loa Dalton. S\u1edf h\u1eefu thi\u1ebft k\u1ebf \u0111\u01a1n gi\u1ea3n nh\u01b0ng c\u1ee9ng c\u00e1p v\u00e0 sang tr\u1ecdng. Thi\u1ebft k\u1ebf ch\u1eafc ch\u1eafn, c\u00f3 t\u00ednh di \u0111\u1ed9ng, \u00e2m bass s\u00e2u r\u1ed9ng, \u00e2m trung v\u00e0 cao chi ti\u1ebft, tinh t\u1ebf.<\/p>\n<p>Model n\u00e0y \u0111\u01b0\u1ee3c trang b\u1ecb h\u1ec7 th\u1ed1ng c\u1ee7 loa cao c\u1ea5p v\u1edbi c\u00f4ng su\u1ea5t ho\u1ea1t \u0111\u1ed9ng \u1ea5n t\u01b0\u1ee3ng, t\u1eeb \u0111\u00f3 t\u1ea1o ra nh\u1eefng \u00e2m thanh m\u1ea1nh m\u1ebd, s\u1ed1ng \u0111\u1ed9ng, gi\u00fap b\u1ea1n c\u00f3 nh\u1eefng tr\u1ea3i nghi\u1ec7m h\u00e1t karaoke, nghe nh\u1ea1c ho\u1eb7c gi\u1ea3i tr\u00ed m\u1ed9t c\u00e1ch tuy\u1ec7t v\u1eddi nh\u1ea5t.<\/p>\n<p>\u0110I K\u00c8M MICRO KH\u00d4NG D\u00c2Y<\/p>\n<p>Loa k\u00e9o TS-18A1800 c\u0169ng \u0111i k\u00e8m l\u00e0 02 micro kh\u00f4ng d\u00e2y s\u00f3ng UHF. Vi\u1ec7c s\u1eed d\u1ee5ng t\u1ea7n s\u1ed1 UHF gi\u00fap cho vi\u1ec7c k\u1ebft n\u1ed1i v\u00e0 truy\u1ec1n t\u00edn hi\u1ec7u micro \u0111\u01b0\u1ee3c chu\u1ea9n v\u00e0 m\u1ea1nh m\u1ebd h\u01a1n. \u0110\u1eb7c bi\u1ec7t micro kh\u00f4ng d\u00e2y c\u00f3 kh\u1ea3 n\u0103ng ch\u1ec9nh \u0111\u01b0\u1ee3c t\u1ea7n s\u1ed1 k\u1ebft n\u1ed1i. Vi\u1ec7c n\u00e0y gi\u00fap cho loa tr\u00e1nh tr\u01b0\u1eddng h\u1ee3p tr\u00f9ng l\u1eb7p t\u1ea7n s\u1ed1 micro v\u1edbi c\u00e1c loa kh\u00e1c \u1edf g\u1ea7n.<\/p>\n<p>Th\u00e2n micro \u0111\u01b0\u1ee3c thi\u1ebft k\u1ebf b\u1eb1ng ch\u1ea5t li\u1ec7u kim lo\u1ea1i nguy\u00ean kh\u1ed1i c\u1ee9ng c\u00e1p, phay hoa v\u0103n tinh x\u1ea3o gi\u00fap t\u1ea1o n\u00e9t th\u1ea9m m\u1ef9 v\u00e0 s\u1ef1 sang tr\u1ecdng cho micro.<\/p>\n<p>THI\u1ebeT K\u1ebe CH\u1eaeC CH\u1eaeN<\/p>\n<p>Loa c\u00f3 k\u00edch th\u01b0\u1edbc l\u1ea7n l\u01b0\u1ee3t l\u00e0 84.5 x 51.3 x 45.7 cm v\u1edbi t\u1ed5ng tr\u1ecdng l\u01b0\u1ee3ng 44kg.<\/p>\n<p>Loa c\u00f2n \u0111\u01b0\u1ee3c trang b\u1ecb th\u00eam 4 b\u00e1nh xe 360 \u0111\u1ed9 c\u00f3 kh\u00f3a c\u00e0i, t\u1eeb \u0111\u00f3 t\u0103ng kh\u1ea3 n\u0103ng di chuy\u1ec3n linh ho\u1ea1t v\u00e0 h\u1ed7 tr\u1ee3 ng\u01b0\u1eddi d\u00f9ng d\u1ec5 d\u00e0ng ki\u1ec3m so\u00e1t s\u1ef1 d\u1ecbch chuy\u1ec3n c\u1ee7a loa.<\/p>\n<p>Ngo\u00e0i ra, hai b\u00ean th\u00e0nh loa c\u00f2n \u0111\u01b0\u1ee3c thi\u1ebft k\u1ebf 2 tay n\u1eafm gi\u00fap cho b\u1ea1n c\u00f3 th\u1ec3 khi\u00eang nh\u1ea5c loa \u1edf nh\u1eefng \u0111\u1ecba h\u00ecnh g\u1ed3 gh\u1ec1.<\/p>\n<p>Th\u00f9ng loa \u0111\u01b0\u1ee3c l\u00e0m b\u1eb1ng ch\u1ea5t li\u1ec7u g\u1ed7 MDF s\u01a1n nh\u00e1m, h\u1ecda ti\u1ebft hoa v\u0103n n\u1ed5i d\u1ea1ng v\u00e2n \u0111\u00e1 r\u1ea5t \u0111\u1eb9p v\u00e0 c\u1ee9ng c\u00e1p.<\/p>\n<p>Thi\u1ebft k\u1ebf th\u00f9ng g\u1ed7 c\u0169ng \u0111\u1eb7c bi\u1ec7t gi\u00fap cho \u00e2m thanh \u0111\u01b0\u1ee3c \u1ea5m v\u00e0 uy l\u1ef1c h\u01a1n.<\/p>\n<p>Ph\u1ea7n tr\u01b0\u1edbc c\u1ee7a loa l\u00e0 m\u1eb7t l\u01b0\u1edbi tinh t\u1ebf v\u1edbi c\u00e1c \u0111\u01b0\u1eddng vi\u1ec1n ch\u1ea1y d\u1ecdc gi\u00fap gia t\u0103ng t\u00ednh th\u1ea9m m\u1ef9 v\u00e0 \u0111\u1ed9 c\u1ee9ng c\u00e1p.<\/p>\n<p>Logo quen thu\u1ed9c c\u1ee7a h\u00e3ng Dalton v\u1edbi \u0111\u00e8n led vi\u1ec1n h\u1eaft s\u00e1ng n\u1ed5i b\u1eadt.<\/p>\n<p>C\u00d4NG SU\u1ea4T M\u1ea0NH M\u1ebc<\/p>\n<p>Loa s\u1edf h\u1eefu c\u00f4ng su\u1ea5t l\u00ean \u0111\u1ebfn 1200W c\u1ef1c s\u00f4i \u0111\u1ed9ng \u00e2m thanh to, r\u00f5 r\u00e0ng v\u00e0 c\u1ef1c k\u00ec s\u00f4i \u0111\u1ed9ng, c\u00e1c b\u1ea1n c\u00f3 th\u1ec3 th\u1ecfa s\u1ee9c \u0111am m\u00ea karaoke ho\u1eb7c nghe nh\u1ea1c v\u1edbi m\u1eabu loa n\u00e0y<\/p>\n<p>Loa TS-18A1800 \u0111\u01b0\u1ee3c c\u1ea5u t\u1ea1o v\u1edbi 3 loa bao g\u1ed3m:<\/p>\n<p>+ 1 loa bass 18 inches (5 t\u1ea5c) t\u00e1i t\u1ea1o \u00e2m tr\u1ea7m m\u1ed9t c\u00e1ch uy l\u1ef1c \u0111\u1ea3m b\u1ea3o \u00e2m thanh ph\u00e1t ra \u0111\u01b0\u1ee3c s\u1ef1 chi ti\u1ebft, \u0111\u1ed3ng \u0111\u1ec1u, trung th\u1ef1c v\u00e0 t\u1ef1 nhi\u00ean nh\u1ea5t.<\/p>\n<p>+ 1 loa treble 1.5 inches kh\u1ea3 n\u0103ng t\u00e1i hi\u1ec7n d\u1ea3i \u00e2m cao chi ti\u1ebft, t\u01b0\u01a1i s\u00e1ng nh\u01b0ng r\u1ea5t t\u1ef1 nhi\u00ean v\u00e0 kh\u00f4ng b\u1ecb ch\u00f3i g\u1eaft.<\/p>\n<p>+ 1 loa mid 5 inches cho gi\u1ecdng ca tr\u1edf n\u00ean d\u00e0y d\u1eb7n v\u00e0 c\u00f3 l\u1ef1c h\u01a1n.<\/p>\n<p>TS-18A1800 \u0111\u01b0\u1ee3c t\u1ed1i \u01b0u v\u1ec1 m\u1eb7t \u0111\u01b0\u1eddng ti\u1ebfng ph\u00e1t ra, d\u00f9 \u1edf \u00e2m l\u01b0\u1ee3ng l\u1edbn nh\u01b0ng giai \u0111i\u1ec7u ph\u00e1t ra v\u1eabn r\u1ea5t r\u00f5 r\u00e0ng v\u00e0 c\u00f3 \u0111\u1ed9 \u1ed5n \u0111\u1ecbnh<\/p>\n<p>KH\u1ea2 N\u0102NG K\u1ebeT N\u1ed0I<\/p>\n<p>B\u1ea3ng \u0111i\u1ec1u khi\u1ec3n c\u1ee7a loa \u0111\u01b0\u1ee3c thi\u1ebft k\u1ebf r\u1ea5t hi\u1ec7n \u0111\u1ea1i v\u00e0 d\u1ec5 s\u1eed d\u1ee5ng. M\u00e0n h\u00ecnh led hi\u1ec3n th\u1ecb k\u1ebft h\u1ee3p v\u1edbi n\u00fat b\u1ea5m ch\u1ecdn l\u1ef1a c\u00e1c ch\u1ee9c n\u0103ng s\u1eed d\u1ee5ng cho loa.<\/p>\n<p>Loa h\u1ed7 tr\u1ee3 c\u00e1c h\u00ecnh th\u1ee9c k\u1ebft n\u1ed1i nh\u01b0: Bluetooth, th\u1ebb nh\u1edb SD, USB, \u0111\u00e0i FM, jack c\u1eafm b\u00f4ng sen.<\/p>\n<p>C\u00e1c b\u1ea1n c\u00f3 th\u1ec3 tho\u1ea3i m\u00e1i s\u1eed d\u1ee5ng loa ph\u00e1t nh\u1ea1c ho\u1eb7c karaoke ch\u1ec9 \u0111\u01a1n gi\u1ea3n t\u1eeb nh\u1eefng thi\u1ebft b\u1ecb hi\u1ec7n \u0111\u1ea1i c\u1ee7a m\u00ecnh nh\u01b0: smartphone, tablet, smart tivi.<\/p>\n<p>\u0110\u1ea3m b\u1ea3o \u0111\u01b0\u1eddng truy\u1ec1n kh\u00f4ng b\u1ecb nhi\u1ec5u hay gi\u00e1n \u0111o\u1ea1n trong kho\u1ea3ng c\u00e1ch 10m. B\u1ea1n ch\u1ec9 c\u1ea7n th\u1ef1c hi\u1ec7n thao t\u00e1c m\u1edf bluetooth \u1edf loa v\u00e0 thi\u1ebft b\u1ecb c\u1ea7n gh\u00e9p n\u1ed1i l\u00e0 \u0111\u00e3 c\u00f3 th\u1ec3 h\u00e1t karaoke th\u1ecfa th\u00edch.<\/p>\n<p>Ngo\u00e0i micro kh\u00f4ng d\u00e2y c\u00f2n c\u00f3 th\u1ec3 k\u1ebft n\u1ed1i micro c\u00f3 d\u00e2y v\u1edbi loa khi c\u1ea7n qua jack c\u1eafm 6.5mm tr\u00ean m\u1eb7t \u0111i\u1ec1u khi\u1ec3n<\/p>\n<p>\u0110I\u1ec0U KHI\u1ec2N \u00c2M THANH<\/p>\n<p>Loa karaoke Dalton TS-18A1800 trang b\u1ecb thanh tinh ch\u1ec9nh ph\u00eda sau loa v\u1edbi c\u00e1c n\u00fat ch\u1ec9nh \u0111\u01b0\u1ee3c k\u00fd hi\u1ec7u r\u00f5 r\u00e0ng cho b\u1ea1n d\u1ec5 d\u00e0ng quan s\u00e1t v\u00e0 t\u00f9y ch\u1ec9nh ch\u1ee9c n\u0103ng chu\u1ea9n x\u00e1c cho \u00e2m thanh c\u1ee7a loa v\u00e0 \u00e2m thanh micro ph\u00f9 h\u1ee3p nh\u1ea5t mang \u0111\u1ebfn s\u1ef1 ti\u1ec7n l\u1ee3i cho ng\u01b0\u1eddi d\u00f9ng khi s\u1eed d\u1ee5ng.<\/p>\n<p>\u0110\u1eb7c bi\u1ec7t m\u1ea1ch t\u1ea1o ti\u1ebfng vang ECHO \u0111\u01b0\u1ee3c s\u1eed d\u1ee5ng IC 65831P c\u1ee7a Nh\u1eadt n\u00ean ti\u1ebfng vang ECHO \u1ea5m v\u00e0 trong<\/p>\n<p>\u0110i\u1ec1u ch\u1ec9nh cho micro g\u1ed3m 4 n\u00fat: V.MIC, HI, MID v\u00e0 LOW (volume, treble, mid, bass)<\/p>\n<p>\u0110i\u1ec1u ch\u1ec9nh echo g\u1ed3m 2 n\u00fat: DELAY v\u00e0 ECHO<\/p>\n<p>\u0110i\u1ec1u ch\u1ec9nh nh\u1ea1c g\u1ed3m 3 n\u00fat: V. MUSIC, HI v\u00e0 LOW (volume, treble, bass)<\/p>\n<p>TH\u1edcI GIAN S\u1eec D\u1ee4NG<\/p>\n<p>Loa k\u00e9o Dalton TS-18A1800 c\u00f3 th\u1ec3 s\u1eed d\u1ee5ng b\u1eb1ng ngu\u1ed3n \u0111i\u1ec7n tr\u1ef1c ti\u1ebfp 220V \u0111\u1ea3m b\u1ea3o t\u00edn hi\u1ec7u k\u1ebft n\u1ed1i \u0111\u01b0\u1ee3c li\u00ean t\u1ee5c, c\u00f4ng su\u1ea5t b\u1ec1n v\u1eefng kh\u00f4ng b\u1ecb ng\u1eaft qu\u00e3ng trong qu\u00e1 tr\u00ecnh s\u1eed d\u1ee5ng.<\/p>\n<p>Gi\u00fap b\u1ea1n th\u1ecfa s\u1ee9c nghe nh\u1ea1c, h\u00e1t karaoke ngay c\u1ea3 ng\u00e0y, \u0111\u1ea3m b\u1ea3o cho nh\u1eefng bu\u1ed5i ti\u1ec7c s\u00f4i \u0111\u1ed9ng kh\u00f4ng b\u1ecb gi\u00e1n \u0111o\u1ea1n.<\/p>\n","protected":false},"excerpt":{"rendered":"<p>C\u00f4ng su\u1ea5t: 1200W<br \/>\nBass loa: 18 inches<br \/>\nK\u00edch th\u01b0\u1edbc: (84.5 x 51.3 x 45.7) cm<br \/>\nTr\u1ecdng l\u01b0\u1ee3ng: 44kg<\/p>\n","protected":false},"featured_media":28695,"comment_status":"open","ping_status":"closed","template":"","meta":[],"product_brand":[],"product_cat":[112],"product_tag":[],"class_list":{"0":"post-28689","1":"product","2":"type-product","3":"status-publish","4":"has-post-thumbnail","6":"product_cat-loa","8":"first","9":"instock","10":"taxable","11":"shipping-taxable","12":"purchasable","13":"product-type-simple"},"_links":{"self":[{"href":"https:\/\/dienmaytuandat.com\/index.php\/wp-json\/wp\/v2\/product\/28689","targetHints":{"allow":["GET"]}}],"collection":[{"href":"https:\/\/dienmaytuandat.com\/index.php\/wp-json\/wp\/v2\/product"}],"about":[{"href":"https:\/\/dienmaytuandat.com\/index.php\/wp-json\/wp\/v2\/types\/product"}],"replies":[{"embeddable":true,"href":"https:\/\/dienmaytuandat.com\/index.php\/wp-json\/wp\/v2\/comments?post=28689"}],"version-history":[{"count":0,"href":"https:\/\/dienmaytuandat.com\/index.php\/wp-json\/wp\/v2\/product\/28689\/revisions"}],"wp:featuredmedia":[{"embeddable":true,"href":"https:\/\/dienmaytuandat.com\/index.php\/wp-json\/wp\/v2\/media\/28695"}],"wp:attachment":[{"href":"https:\/\/dienmaytuandat.com\/index.php\/wp-json\/wp\/v2\/media?parent=28689"}],"wp:term":[{"taxonomy":"product_brand","embeddable":true,"href":"https:\/\/dienmaytuandat.com\/index.php\/wp-json\/wp\/v2\/product_brand?post=28689"},{"taxonomy":"product_cat","embeddable":true,"href":"https:\/\/dienmaytuandat.com\/index.php\/wp-json\/wp\/v2\/product_cat?post=28689"},{"taxonomy":"product_tag","embeddable":true,"href":"https:\/\/dienmaytuandat.com\/index.php\/wp-json\/wp\/v2\/product_tag?post=28689"}],"curies":[{"name":"wp","href":"https:\/\/api.w.org\/{rel}","templated":true}]}}