{"id":28846,"date":"2024-07-16T01:48:48","date_gmt":"2024-07-16T01:48:48","guid":{"rendered":"https:\/\/dienmaytuandat.com\/?post_type=product&#038;p=28846"},"modified":"2024-07-16T01:51:33","modified_gmt":"2024-07-16T01:51:33","slug":"28846","status":"publish","type":"product","link":"https:\/\/dienmaytuandat.com\/index.php\/san-pham\/28846\/","title":{"rendered":"Loa VHM 18A-02"},"content":{"rendered":"<p>Loa k\u00e9o VHM 18A-02, m\u1eabu loa karaoke di \u0111\u1ed9ng 2 \u0111\u01b0\u1eddng ti\u1ebfng, c\u00f4ng su\u1ea5t l\u1edbn do s\u1eed d\u1ee5ng c\u1ee1 bass 50 ( c\u1ee1 l\u1edbn nh\u1ea5t \u0111\u01b0\u1ee3c s\u1eed d\u1ee5ng cho loa k\u00e9o di \u0111\u1ed9ng t\u00ednh \u0111\u1ebfn th\u1eddi \u0111i\u1ec3m hi\u1ec7n t\u1ea1i), loa s\u1eed d\u1ee5ng board \u0111\u1ea9y c\u00f4ng su\u1ea5t cao, \u0111\u1ea7y \u0111\u1ee7 ch\u1ee9c n\u0103ng ( h\u1ed7 tr\u1ee3 nghe nh\u1ea1c , h\u00e1t karaoke, thuy\u1ebft tr\u00ecnh ho\u1eb7c ph\u1ee5c v\u1ee5 cho c\u00e1c s\u1ef1 ki\u1ec7n \u0111\u01b0\u1ee3c t\u1ed5 ch\u1ee9c ngo\u00e0i tr\u1eddi). Loa k\u1eb9o k\u00e9o Pro Audio VHM 18A-02 n\u00e0y c\u00f3 v\u1ecf ngo\u00e0i \u0111\u00f3ng b\u1eb1ng v\u00e1n c\u00f4ng nghi\u1ec7p, m\u1eb7t tr\u01b0\u1edbc \u0111\u01b0\u1ee3c \u1ed1p m\u1ed9t t\u1ea5m l\u01b0\u1edbi s\u1eaft , \u0111\u1ec3 d\u1ec5 di chuy\u1ec3n th\u00ec loa c\u0169ng \u0111\u01b0\u1ee3c g\u1eafn th\u00eam 4 b\u00e1nh xe, do \u0111\u00e2y l\u00e0 m\u1ed9t chi\u1ebfc loa di \u0111\u1ed9ng n\u00ean VHM 18A-02 s\u1ebd c\u00f3 m\u1ed9t b\u00ecnh \u1eafc quy Dc12V\/ 20Ah b\u00ean trong loa, loa c\u0169ng c\u00f3 th\u1ec3 d\u00f9ng \u0111i\u1ec7n AC ~220V. Khi mua loa ch\u00fang ta c\u00f2n nh\u1eadn k\u00e8m theo m\u1ed9t b\u1ed9 ph\u1ee5 ki\u1ec7n g\u1ed3m: 2 mic kh\u00f4ng d\u00e2y, 1 \u0111i\u1ec1u khi\u1ec3n t\u1eeb xa, 1 d\u00e2y ngu\u1ed3n \u0111\u1ec3 s\u1ea1c b\u00ecnh ho\u1eb7c d\u00f9ng \u0111i\u1ec7n tr\u1ef1c ti\u1ebfp, 2 mi\u1ebfng ch\u1ed1ng l\u0103n d\u00e0nh cho micro&#8230;.<\/p>\n","protected":false},"excerpt":{"rendered":"<p>Loa k\u00e9o VHM 18A-02, th\u01b0\u01a1ng hi\u1ec7u Vi\u1ec7t, Loa 2 \u0111\u01b0\u1eddng ti\u1ebfng (bass 5 t\u1ea5c, 1 treble), board c\u00f4ng su\u1ea5t l\u1edbn + t\u00edch h\u1ee3p \u0111\u1ea7y \u0111\u1ee7 ch\u1ee9c n\u0103ng, b\u00ecnh accu 12V\/20Ah&#8230;<\/p>\n","protected":false},"featured_media":0,"comment_status":"open","ping_status":"closed","template":"","meta":[],"product_brand":[],"product_cat":[112],"product_tag":[],"class_list":{"0":"post-28846","1":"product","2":"type-product","3":"status-publish","5":"product_cat-loa","7":"first","8":"instock","9":"taxable","10":"shipping-taxable","11":"product-type-simple"},"_links":{"self":[{"href":"https:\/\/dienmaytuandat.com\/index.php\/wp-json\/wp\/v2\/product\/28846","targetHints":{"allow":["GET"]}}],"collection":[{"href":"https:\/\/dienmaytuandat.com\/index.php\/wp-json\/wp\/v2\/product"}],"about":[{"href":"https:\/\/dienmaytuandat.com\/index.php\/wp-json\/wp\/v2\/types\/product"}],"replies":[{"embeddable":true,"href":"https:\/\/dienmaytuandat.com\/index.php\/wp-json\/wp\/v2\/comments?post=28846"}],"version-history":[{"count":0,"href":"https:\/\/dienmaytuandat.com\/index.php\/wp-json\/wp\/v2\/product\/28846\/revisions"}],"wp:attachment":[{"href":"https:\/\/dienmaytuandat.com\/index.php\/wp-json\/wp\/v2\/media?parent=28846"}],"wp:term":[{"taxonomy":"product_brand","embeddable":true,"href":"https:\/\/dienmaytuandat.com\/index.php\/wp-json\/wp\/v2\/product_brand?post=28846"},{"taxonomy":"product_cat","embeddable":true,"href":"https:\/\/dienmaytuandat.com\/index.php\/wp-json\/wp\/v2\/product_cat?post=28846"},{"taxonomy":"product_tag","embeddable":true,"href":"https:\/\/dienmaytuandat.com\/index.php\/wp-json\/wp\/v2\/product_tag?post=28846"}],"curies":[{"name":"wp","href":"https:\/\/api.w.org\/{rel}","templated":true}]}}