{"id":29290,"date":"2024-07-20T03:27:46","date_gmt":"2024-07-20T03:27:46","guid":{"rendered":"https:\/\/dienmaytuandat.com\/?post_type=product&#038;p=29290"},"modified":"2024-10-26T01:45:25","modified_gmt":"2024-10-26T01:45:25","slug":"may-lanh-panasonic-inverter-1-hp-cu-cs-pu9akh-8","status":"publish","type":"product","link":"https:\/\/dienmaytuandat.com\/index.php\/san-pham\/may-lanh-panasonic-inverter-1-hp-cu-cs-pu9akh-8\/","title":{"rendered":"M\u00e1y l\u1ea1nh Panasonic Inverter 1 HP CU\/CS-RU9AKH-8"},"content":{"rendered":"","protected":false},"excerpt":{"rendered":"<p><strong><span style=\"font-size: 14pt;\">\u0110\u1eb7c \u0110i\u1ec3m N\u1ed5i B\u1eadt<\/span><\/strong><\/p>\n<ul>\n<li><strong>\u0110i\u1ec1u khi\u1ec3n thi\u1ebft b\u1ecb b\u1eb1ng smartphone<\/strong> m\u1ecdi l\u00fac m\u1ecdi n\u01a1i th\u00f4ng qua k\u1ebft n\u1ed1i wifi<\/li>\n<li>Ch\u1ebf \u0111\u1ed9 Powerful l\u00e0m l\u1ea1nh nhanh h\u01a1n 18%, m\u00e1t m\u1ebb ngay sau khi b\u1eadt \u0111i\u1ec1u h\u00f2a<\/li>\n<li><strong>C\u00f4ng ngh\u1ec7 nanoe G l\u1ecdc s\u1ea1ch kh\u00f4ng kh\u00ed<\/strong>, lo\u1ea1i b\u1ecf l\u00ean \u0111\u1ebfn 99% b\u1ee5i m\u1ecbn PM2.5<\/li>\n<li>Si\u00eau ti\u1ebft ki\u1ec7m t\u1edbi 20% \u0111i\u1ec7n n\u0103ng so v\u1edbi inverter th\u01b0\u1eddng nh\u1edd c\u00f4ng ngh\u1ec7 AI Eco<\/li>\n<li>C\u00f4ng ngh\u1ec7 Inverter v\u1eadn h\u00e0nh \u00eam \u00e1i, kh\u00f4ng \u1ea3nh h\u01b0\u1edfng t\u1edbi sinh ho\u1ea1t<\/li>\n<li>Ch\u1ebf \u0111\u1ed9 Sleep h\u1eb9n gi\u1edd t\u1eaft m\u00e1y v\u00e0 ki\u1ec3m so\u00e1t nhi\u1ec7t \u0111\u1ed9 trong khi ng\u1ee7<\/li>\n<li>Kh\u1ea3 n\u0103ng kh\u1eed \u1ea9m nh\u1eb9 gi\u00fap kh\u00f4ng gian ph\u00f2ng lu\u00f4n th\u00f4ng tho\u00e1ng<\/li>\n<li>\u0110i\u1ec1u h\u00f2a Panasonic 1HP, <strong>l\u00e0m m\u00e1t hi\u1ec7u qu\u1ea3 ph\u00f2ng d\u01b0\u1edbi 15 m\u00b2<\/strong><\/li>\n<\/ul>\n","protected":false},"featured_media":29280,"comment_status":"open","ping_status":"closed","template":"","meta":[],"product_brand":[],"product_cat":[29],"product_tag":[],"class_list":{"0":"post-29290","1":"product","2":"type-product","3":"status-publish","4":"has-post-thumbnail","6":"product_cat-may-lanh","8":"first","9":"instock","10":"sale","11":"taxable","12":"shipping-taxable","13":"purchasable","14":"product-type-simple"},"_links":{"self":[{"href":"https:\/\/dienmaytuandat.com\/index.php\/wp-json\/wp\/v2\/product\/29290","targetHints":{"allow":["GET"]}}],"collection":[{"href":"https:\/\/dienmaytuandat.com\/index.php\/wp-json\/wp\/v2\/product"}],"about":[{"href":"https:\/\/dienmaytuandat.com\/index.php\/wp-json\/wp\/v2\/types\/product"}],"replies":[{"embeddable":true,"href":"https:\/\/dienmaytuandat.com\/index.php\/wp-json\/wp\/v2\/comments?post=29290"}],"version-history":[{"count":4,"href":"https:\/\/dienmaytuandat.com\/index.php\/wp-json\/wp\/v2\/product\/29290\/revisions"}],"predecessor-version":[{"id":30112,"href":"https:\/\/dienmaytuandat.com\/index.php\/wp-json\/wp\/v2\/product\/29290\/revisions\/30112"}],"wp:featuredmedia":[{"embeddable":true,"href":"https:\/\/dienmaytuandat.com\/index.php\/wp-json\/wp\/v2\/media\/29280"}],"wp:attachment":[{"href":"https:\/\/dienmaytuandat.com\/index.php\/wp-json\/wp\/v2\/media?parent=29290"}],"wp:term":[{"taxonomy":"product_brand","embeddable":true,"href":"https:\/\/dienmaytuandat.com\/index.php\/wp-json\/wp\/v2\/product_brand?post=29290"},{"taxonomy":"product_cat","embeddable":true,"href":"https:\/\/dienmaytuandat.com\/index.php\/wp-json\/wp\/v2\/product_cat?post=29290"},{"taxonomy":"product_tag","embeddable":true,"href":"https:\/\/dienmaytuandat.com\/index.php\/wp-json\/wp\/v2\/product_tag?post=29290"}],"curies":[{"name":"wp","href":"https:\/\/api.w.org\/{rel}","templated":true}]}}