{"id":29349,"date":"2024-07-20T09:57:18","date_gmt":"2024-07-20T09:57:18","guid":{"rendered":"https:\/\/dienmaytuandat.com\/?post_type=product&#038;p=29349"},"modified":"2024-08-30T09:05:06","modified_gmt":"2024-08-30T09:05:06","slug":"bep-am-dien-tu-doi-vs-989","status":"publish","type":"product","link":"https:\/\/dienmaytuandat.com\/index.php\/san-pham\/bep-am-dien-tu-doi-vs-989\/","title":{"rendered":"B\u1ebeP \u00c2M \u0110I\u1ec6N T\u1eea \u0110\u00d4I VS 989"},"content":{"rendered":"<p>B\u1ebfp \u00e2m \u0111i\u1ec7n t\u1eeb \u0111\u00f4i Vanessa VS 989 \u2013 S\u1ef1 ho\u00e0n h\u1ea3o trong tinh t\u1ebf v\u00e0 hi\u1ec7u n\u0103ng<\/p>\n<p>B\u1ebfp \u00e2m \u0111i\u1ec7n t\u1eeb \u0111\u00f4i Vanessa VS 989 l\u00e0 m\u1ed9t s\u1ea3n ph\u1ea9m \u0111\u00e1ng ch\u00fa \u00fd trong l\u0129nh v\u1ef1c b\u1ebfp t\u1eeb hi\u1ec7n \u0111\u1ea1i. V\u1edbi s\u1ef1 k\u1ebft h\u1ee3p tinh t\u1ebf gi\u1eefa thi\u1ebft k\u1ebf v\u00e0 t\u00ednh n\u0103ng, s\u1ea3n ph\u1ea9m n\u00e0y \u0111em l\u1ea1i s\u1ef1 sang tr\u1ecdng v\u00e0 \u0111\u1eb3ng c\u1ea5p cho kh\u00f4ng gian n\u1ea5u \u0103n c\u1ee7a b\u1ea1n. D\u01b0\u1edbi \u0111\u00e2y l\u00e0 nh\u1eefng \u0111\u1eb7c \u0111i\u1ec3m n\u1ed5i b\u1eadt c\u1ee7a b\u1ebfp \u00e2m \u0111i\u1ec7n t\u1eeb \u0111\u00f4i Vanessa VS 989:<br \/>\nHi\u1ec7u su\u1ea5t m\u1ea1nh m\u1ebd:<br \/>\nB\u1ebfp \u00e2m \u0111i\u1ec7n t\u1eeb \u0111\u00f4i Vanessa VS 989 s\u1eed d\u1ee5ng ngu\u1ed3n \u0111i\u1ec7n 220V-50Hz v\u00e0 c\u00f4ng su\u1ea5t 2.200W+2.200W, \u0111\u1ea3m b\u1ea3o ho\u1ea1t \u0111\u1ed9ng m\u1ea1nh m\u1ebd v\u00e0 hi\u1ec7u qu\u1ea3. Ch\u1ee9c n\u0103ng n\u1ea5u nhanh (Booster) v\u1edbi c\u00f4ng su\u1ea5t l\u00ean t\u1edbi 2.600W gi\u00fap b\u1ea1n n\u1ea5u n\u01b0\u1edbng nhanh ch\u00f3ng m\u00e0 v\u1eabn gi\u1eef \u0111\u01b0\u1ee3c \u0111\u1ed9 th\u01a1m ngon v\u00e0 dinh d\u01b0\u1ee1ng c\u1ee7a th\u1ef1c ph\u1ea9m. V\u1edbi Vanessa VS 989, b\u1ea1n c\u00f3 th\u1ec3 ti\u1ebft ki\u1ec7m th\u1eddi gian v\u00e0 c\u00f4ng s\u1ee9c trong qu\u00e1 tr\u00ecnh n\u1ea5u \u0103n.<br \/>\nB\u00e0n ph\u00edm \u0111i\u1ec1u khi\u1ec3n th\u00f4ng minh:<br \/>\nS\u1ea3n ph\u1ea9m \u0111\u01b0\u1ee3c trang b\u1ecb b\u00e0n ph\u00edm \u0111i\u1ec1u khi\u1ec3n c\u1ea3m \u1ee9ng d\u1ea1ng tr\u01b0\u1ee3t Slide v\u1edbi 9 m\u1ee9c c\u00f4ng su\u1ea5t kh\u00e1c nhau. Vi\u1ec7c \u0111i\u1ec1u ch\u1ec9nh c\u00f4ng su\u1ea5t n\u1ea5u n\u01b0\u1edbng tr\u1edf n\u00ean d\u1ec5 d\u00e0ng v\u00e0 linh ho\u1ea1t h\u01a1n bao gi\u1edd h\u1ebft. B\u1ea1n c\u00f3 th\u1ec3 d\u1ec5 d\u00e0ng \u0111i\u1ec1u ch\u1ec9nh m\u1ee9c c\u00f4ng su\u1ea5t ph\u00f9 h\u1ee3p v\u1edbi t\u1eebng lo\u1ea1i th\u1ef1c ph\u1ea9m v\u00e0 phong c\u00e1ch n\u1ea5u n\u01b0\u1edbng c\u1ee7a ri\u00eang m\u00ecnh.<br \/>\nThi\u1ebft k\u1ebf sang tr\u1ecdng v\u00e0 tinh t\u1ebf:<br \/>\nM\u1eb7t k\u00ednh in Mirror grey (in g\u01b0\u01a1ng) v\u1edbi bo vi\u1ec1n inox 4 c\u1ea1nh mang \u0111\u1ebfn v\u1ebb \u0111\u1eb9p sang tr\u1ecdng v\u00e0 \u0111\u1eb3ng c\u1ea5p cho Vanessa VS 989. Thi\u1ebft k\u1ebf n\u00e0y kh\u00f4ng ch\u1ec9 t\u1ea1o \u0111i\u1ec3m nh\u1ea5n c\u00e1 nh\u00e2n m\u00e0 c\u00f2n n\u00e2ng t\u1ea7m kh\u00f4ng gian b\u1ebfp c\u1ee7a b\u1ea1n. M\u1eb7t k\u00ednh c\u00f2n d\u1ec5 d\u00e0ng v\u1ec7 sinh v\u00e0 ch\u1ed1ng tr\u1ea7y x\u01b0\u1edbc, gi\u00fap b\u1ebfp lu\u00f4n s\u00e1ng b\u00f3ng nh\u01b0 m\u1edbi.<br \/>\nT\u00ednh n\u0103ng an to\u00e0n \u0111\u00e1ng tin c\u1eady:<br \/>\nVanessa VS 989 \u0111\u01b0\u1ee3c trang b\u1ecb c\u00e1c t\u00ednh n\u0103ng an to\u00e0n \u0111\u1ec3 b\u1ea3o v\u1ec7 b\u1ea1n v\u00e0 gia \u0111\u00ecnh. Ch\u1ee9c n\u0103ng kh\u00f3a tr\u1ebb em gi\u00fap ng\u0103n ch\u1eb7n c\u00e1c tai n\u1ea1n kh\u00f4ng mong mu\u1ed1n khi tr\u1ebb em ti\u1ebfp x\u00fac v\u1edbi b\u1ebfp. C\u1ea3nh b\u00e1o nhi\u1ec7t d\u01b0 cho t\u1eebng khu v\u1ef1c n\u1ea5u \u0103n gi\u00fap b\u1ea1n nh\u1eadn bi\u1ebft v\u00e0 \u0111\u1ec1 ph\u00f2ng nguy c\u01a1 ch\u00e1y n\u1ed5. Ch\u1ee9c n\u0103ng ch\u1ed1ng tr\u00e0n (tr\u00e0n b\u1ea3o v\u1ec7) \u0111\u1ea3m b\u1ea3o an to\u00e0n cho qu\u00e1 tr\u00ecnh n\u1ea5u n\u01b0\u1edbng. B\u1ebfp c\u0169ng t\u1ef1 \u0111\u1ed9ng ng\u1eaft khi kh\u00f4ng c\u00f3 n\u1ed3i ho\u1eb7c khi qu\u00e1 n\u00f3ng, gi\u00fap ng\u0103n ch\u1eb7n c\u00e1c s\u1ef1 c\u1ed1 v\u00e0 ti\u1ebft ki\u1ec7m n\u0103ng l\u01b0\u1ee3ng. Ch\u1ee9c n\u0103ng t\u1ea1m d\u1eebng (Pause function) cho ph\u00e9p b\u1ea1n t\u1ea1m d\u1eebng qu\u00e1 tr\u00ecnh n\u1ea5u n\u01b0\u1edbng v\u00e0 ti\u1ebfp t\u1ee5c l\u1ea1i sau \u0111\u00f3, mang l\u1ea1i s\u1ef1 linh ho\u1ea1t trong qu\u00e1 tr\u00ecnh s\u1eed d\u1ee5ng.<br \/>\nC\u00f4ng ngh\u1ec7 xanh v\u00e0 \u0111\u1ed9 b\u1ec1n cao:<br \/>\nVanessa VS 989 s\u1eed d\u1ee5ng c\u00f4ng ngh\u1ec7 xanh \u201cC\u00f4ng ngh\u1ec7 ECOgreen\u201d gi\u00fap ti\u1ebft ki\u1ec7m n\u0103ng l\u01b0\u1ee3ng v\u00e0 b\u1ea3o v\u1ec7 m\u00f4i tr\u01b0\u1eddng. S\u1ea3n ph\u1ea9m c\u0169ng \u0111\u01b0\u1ee3c trang b\u1ecb IGBT c\u1ee7a Siemens 20A v\u00e0 nh\u1eadp kh\u1ea9u chip IC, \u0111\u1ea3m b\u1ea3o hi\u1ec7u su\u1ea5t \u1ed5n \u0111\u1ecbnh v\u00e0 \u0111\u1ed9 tin c\u1eady cao. Cu\u1ed9n d\u00e2y \u0111\u1ed3ng nguy\u00ean ch\u1ea5t v\u00e0 d\u00e2y c\u1eafm c\u00f3 l\u00f5i b\u1eb1ng \u0111\u1ed3ng tinh khi\u1ebft v\u1edbi k\u00edch th\u01b0\u1edbc 3 * 4.0 * 1.70 M \u0111\u1ea3m b\u1ea3o ch\u1ea5t l\u01b0\u1ee3ng v\u00e0 \u0111\u1ed9 b\u1ec1n c\u1ee7a s\u1ea3n ph\u1ea9m.<\/p>\n<p>V\u1edbi k\u00edch th\u01b0\u1edbc 730 * 430 mm v\u00e0 k\u00edch th\u01b0\u1edbc kho\u00e9t \u0111\u00e1 675 * 385mm, b\u1ebfp \u00e2m \u0111i\u1ec7n t\u1eeb \u0111\u00f4i Vanessa VS 989 ph\u00f9 h\u1ee3p v\u1edbi nhi\u1ec1u kh\u00f4ng gian b\u1ebfp v\u00e0 mang \u0111\u1ebfn tr\u1ea3i nghi\u1ec7m n\u1ea5u n\u01b0\u1edbng tuy\u1ec7t v\u1eddi. S\u1ea3n ph\u1ea9m \u0111\u01b0\u1ee3c nh\u1eadp kh\u1ea9u t\u1eeb Malaysia, \u0111\u1ea3m b\u1ea3o ch\u1ea5t l\u01b0\u1ee3ng v\u00e0 \u0111\u1ed9 tin c\u1eady.<\/p>\n<p>C\u00f4ng ngh\u1ec7 xanh v\u00e0 \u0111\u1ed9 b\u1ec1n cao:<br \/>\nVanessa VS 989 s\u1eed d\u1ee5ng c\u00f4ng ngh\u1ec7 xanh \u201cC\u00f4ng ngh\u1ec7 ECOgreen\u201d gi\u00fap ti\u1ebft ki\u1ec7m n\u0103ng l\u01b0\u1ee3ng v\u00e0 b\u1ea3o v\u1ec7 m\u00f4i tr\u01b0\u1eddng. S\u1ea3n ph\u1ea9m c\u0169ng \u0111\u01b0\u1ee3c trang b\u1ecb IGBT c\u1ee7a Siemens 20A v\u00e0 nh\u1eadp kh\u1ea9u chip IC, \u0111\u1ea3m b\u1ea3o hi\u1ec7u su\u1ea5t \u1ed5n \u0111\u1ecbnh v\u00e0 \u0111\u1ed9 tin c\u1eady cao. Cu\u1ed9n d\u00e2y \u0111\u1ed3ng nguy\u00ean ch\u1ea5t v\u00e0 d\u00e2y c\u1eafm c\u00f3 l\u00f5i b\u1eb1ng \u0111\u1ed3ng tinh khi\u1ebft v\u1edbi k\u00edch th\u01b0\u1edbc 3 * 4.0 * 1.70 M \u0111\u1ea3m b\u1ea3o ch\u1ea5t l\u01b0\u1ee3ng v\u00e0 \u0111\u1ed9 b\u1ec1n c\u1ee7a s\u1ea3n ph\u1ea9m.<\/p>\n<p>V\u1edbi k\u00edch th\u01b0\u1edbc 730 * 430 mm v\u00e0 k\u00edch th\u01b0\u1edbc kho\u00e9t \u0111\u00e1 675 * 385mm, b\u1ebfp \u00e2m \u0111i\u1ec7n t\u1eeb \u0111\u00f4i Vanessa VS 989 ph\u00f9 h\u1ee3p v\u1edbi nhi\u1ec1u kh\u00f4ng gian b\u1ebfp v\u00e0 mang \u0111\u1ebfn tr\u1ea3i nghi\u1ec7m n\u1ea5u n\u01b0\u1edbng tuy\u1ec7t v\u1eddi. S\u1ea3n ph\u1ea9m \u0111\u01b0\u1ee3c nh\u1eadp kh\u1ea9u t\u1eeb Malaysia, \u0111\u1ea3m b\u1ea3o ch\u1ea5t l\u01b0\u1ee3ng v\u00e0 \u0111\u1ed9 tin c\u1eady.<\/p>\n<p>B\u1ebfp \u00e2m \u0111i\u1ec7n t\u1eeb \u0111\u00f4i Vanessa VS 989 l\u00e0 s\u1ef1 k\u1ebft h\u1ee3p ho\u00e0n h\u1ea3o gi\u1eefa tinh t\u1ebf, hi\u1ec7u su\u1ea5t v\u00e0 t\u00ednh n\u0103ng an to\u00e0n. V\u1edbi thi\u1ebft k\u1ebf sang tr\u1ecdng, c\u00f4ng ngh\u1ec7 ti\u00ean ti\u1ebfn v\u00e0 \u0111\u1ed9 b\u1ec1n cao, s\u1ea3n ph\u1ea9m n\u00e0y s\u1ebd l\u00e0 ng\u01b0\u1eddi b\u1ea1n \u0111\u1ed3ng h\u00e0nh \u0111\u00e1ng tin c\u1eady trong m\u1ecdi b\u1eefa \u0103n gia \u0111\u00ecnh.<\/p>\n","protected":false},"excerpt":{"rendered":"<p>Ngu\u1ed3n \u0111i\u1ec7n: 220V-50Hz<br \/>\nC\u00f4ng su\u1ea5t: 2.200W-2.200W<br \/>\nCh\u1ee9c n\u0103ng n\u1ea5u nhanh (Booster): 2600W<br \/>\nK\u00edch th\u01b0\u1edbc b\u1ebfp: 730 * 430mm<br \/>\nK\u00edch th\u01b0\u1edbc kho\u00e9t \u0111\u00e1: 675 * 385mm<\/p>\n","protected":false},"featured_media":29350,"comment_status":"open","ping_status":"closed","template":"","meta":[],"product_brand":[],"product_cat":[147],"product_tag":[],"class_list":{"0":"post-29349","1":"product","2":"type-product","3":"status-publish","4":"has-post-thumbnail","6":"product_cat-do-gia-dung","8":"first","9":"instock","10":"taxable","11":"shipping-taxable","12":"purchasable","13":"product-type-simple"},"_links":{"self":[{"href":"https:\/\/dienmaytuandat.com\/index.php\/wp-json\/wp\/v2\/product\/29349","targetHints":{"allow":["GET"]}}],"collection":[{"href":"https:\/\/dienmaytuandat.com\/index.php\/wp-json\/wp\/v2\/product"}],"about":[{"href":"https:\/\/dienmaytuandat.com\/index.php\/wp-json\/wp\/v2\/types\/product"}],"replies":[{"embeddable":true,"href":"https:\/\/dienmaytuandat.com\/index.php\/wp-json\/wp\/v2\/comments?post=29349"}],"version-history":[{"count":0,"href":"https:\/\/dienmaytuandat.com\/index.php\/wp-json\/wp\/v2\/product\/29349\/revisions"}],"wp:featuredmedia":[{"embeddable":true,"href":"https:\/\/dienmaytuandat.com\/index.php\/wp-json\/wp\/v2\/media\/29350"}],"wp:attachment":[{"href":"https:\/\/dienmaytuandat.com\/index.php\/wp-json\/wp\/v2\/media?parent=29349"}],"wp:term":[{"taxonomy":"product_brand","embeddable":true,"href":"https:\/\/dienmaytuandat.com\/index.php\/wp-json\/wp\/v2\/product_brand?post=29349"},{"taxonomy":"product_cat","embeddable":true,"href":"https:\/\/dienmaytuandat.com\/index.php\/wp-json\/wp\/v2\/product_cat?post=29349"},{"taxonomy":"product_tag","embeddable":true,"href":"https:\/\/dienmaytuandat.com\/index.php\/wp-json\/wp\/v2\/product_tag?post=29349"}],"curies":[{"name":"wp","href":"https:\/\/api.w.org\/{rel}","templated":true}]}}