{"id":29455,"date":"2024-07-21T08:04:16","date_gmt":"2024-07-21T08:04:16","guid":{"rendered":"https:\/\/dienmaytuandat.com\/?post_type=product&#038;p=29455"},"modified":"2024-10-17T09:53:46","modified_gmt":"2024-10-17T09:53:46","slug":"may-lanh-sharp-1-5-hp-ah-x13zew","status":"publish","type":"product","link":"https:\/\/dienmaytuandat.com\/index.php\/san-pham\/may-lanh-sharp-1-5-hp-ah-x13zew\/","title":{"rendered":"M\u00e1y l\u1ea1nh Sharp 1..5 hp AH-X13ZEW"},"content":{"rendered":"<p>&nbsp;<\/p>\n<p>&nbsp;<\/p>\n","protected":false},"excerpt":{"rendered":"<p>H\u01b0 g\u00ec \u0111\u1ed5i n\u1ea5y 12 th\u00e1ng t\u1eadn nh\u00e0 (mi\u1ec5n ph\u00ed th\u00e1ng \u0111\u1ea7u)<\/p>\n<p>B\u1ea3o h\u00e0nh ch\u00ednh h\u00e3ng m\u00e1y l\u1ea1nh 2 n\u0103m, c\u00f3 ng\u01b0\u1eddi \u0111\u1ebfn t\u1eadn nh\u00e0<\/p>\n<p>Th\u00f9ng m\u00e1y l\u1ea1nh c\u00f3: Remote, Phi\u1ebfu b\u1ea3o h\u00e0nh, Gi\u00e1 \u0111\u1ee1 remote, Pass treo<\/p>\n<p>Ph\u00ed v\u1eadt t\u01b0 c\u00f3 th\u1ec3 ph\u00e1t sinh th\u00eam. Xem chi ti\u1ebft v\u1eadt t\u01b0.<\/p>\n<p>B\u1ea3o h\u00e0nh Remote 3 th\u00e1ng, M\u00e1y n\u00e9n 10 n\u0103m<\/p>\n","protected":false},"featured_media":29408,"comment_status":"open","ping_status":"closed","template":"","meta":[],"product_brand":[],"product_cat":[29],"product_tag":[],"class_list":{"0":"post-29455","1":"product","2":"type-product","3":"status-publish","4":"has-post-thumbnail","6":"product_cat-may-lanh","8":"first","9":"instock","10":"taxable","11":"shipping-taxable","12":"purchasable","13":"product-type-variable"},"_links":{"self":[{"href":"https:\/\/dienmaytuandat.com\/index.php\/wp-json\/wp\/v2\/product\/29455","targetHints":{"allow":["GET"]}}],"collection":[{"href":"https:\/\/dienmaytuandat.com\/index.php\/wp-json\/wp\/v2\/product"}],"about":[{"href":"https:\/\/dienmaytuandat.com\/index.php\/wp-json\/wp\/v2\/types\/product"}],"replies":[{"embeddable":true,"href":"https:\/\/dienmaytuandat.com\/index.php\/wp-json\/wp\/v2\/comments?post=29455"}],"version-history":[{"count":3,"href":"https:\/\/dienmaytuandat.com\/index.php\/wp-json\/wp\/v2\/product\/29455\/revisions"}],"predecessor-version":[{"id":30596,"href":"https:\/\/dienmaytuandat.com\/index.php\/wp-json\/wp\/v2\/product\/29455\/revisions\/30596"}],"wp:featuredmedia":[{"embeddable":true,"href":"https:\/\/dienmaytuandat.com\/index.php\/wp-json\/wp\/v2\/media\/29408"}],"wp:attachment":[{"href":"https:\/\/dienmaytuandat.com\/index.php\/wp-json\/wp\/v2\/media?parent=29455"}],"wp:term":[{"taxonomy":"product_brand","embeddable":true,"href":"https:\/\/dienmaytuandat.com\/index.php\/wp-json\/wp\/v2\/product_brand?post=29455"},{"taxonomy":"product_cat","embeddable":true,"href":"https:\/\/dienmaytuandat.com\/index.php\/wp-json\/wp\/v2\/product_cat?post=29455"},{"taxonomy":"product_tag","embeddable":true,"href":"https:\/\/dienmaytuandat.com\/index.php\/wp-json\/wp\/v2\/product_tag?post=29455"}],"curies":[{"name":"wp","href":"https:\/\/api.w.org\/{rel}","templated":true}]}}