{"id":29501,"date":"2024-07-21T09:33:32","date_gmt":"2024-07-21T09:33:32","guid":{"rendered":"https:\/\/dienmaytuandat.com\/?post_type=product&#038;p=29501"},"modified":"2024-08-30T08:51:53","modified_gmt":"2024-08-30T08:51:53","slug":"may-hut-mui-vs-6270g","status":"publish","type":"product","link":"https:\/\/dienmaytuandat.com\/index.php\/san-pham\/may-hut-mui-vs-6270g\/","title":{"rendered":"M\u00c1Y H\u00daT M\u00d9I VS 6270G"},"content":{"rendered":"<p>M\u00e1y h\u00fat m\u00f9i VS 6270G: Hi\u1ec7u su\u1ea5t h\u00fat m\u1ea1nh m\u1ebd v\u00e0 ti\u1ec7n \u00edch \u0111\u00e1ng tin c\u1eady<br \/>\nM\u00e1y h\u00fat m\u00f9i VS 6270G l\u00e0 m\u1ed9t s\u1ea3n ph\u1ea9m \u0111\u00e1ng ch\u00fa \u00fd trong d\u00f2ng m\u00e1y h\u00fat m\u00f9i v\u1edbi hi\u1ec7u su\u1ea5t h\u00fat m\u1ea1nh m\u1ebd v\u00e0 t\u00ednh n\u0103ng ti\u1ec7n \u00edch. V\u1edbi thi\u1ebft k\u1ebf \u0111\u1eb9p m\u1eaft v\u00e0 kh\u1ea3 n\u0103ng ho\u1ea1t \u0111\u1ed9ng \u1ed5n \u0111\u1ecbnh, n\u00f3 s\u1ebd l\u00e0 m\u1ed9t ng\u01b0\u1eddi b\u1ea1n \u0111\u1ed3ng h\u00e0nh tuy\u1ec7t v\u1eddi cho kh\u00f4ng gian b\u1ebfp c\u1ee7a b\u1ea1n.<\/p>\n<p>M\u00e1y h\u00fat m\u00f9i VS 6270G \u0111\u01b0\u1ee3c \u0111i\u1ec1u khi\u1ec3n b\u1eb1ng c\u01a1, v\u1edbi 3 t\u1ed1c \u0111\u1ed9 kh\u00e1c nhau \u0111\u1ec3 b\u1ea1n c\u00f3 th\u1ec3 \u0111i\u1ec1u ch\u1ec9nh m\u1ee9c \u0111\u1ed9 h\u00fat ph\u00f9 h\u1ee3p v\u1edbi nhu c\u1ea7u s\u1eed d\u1ee5ng. \u0110i\u1ec1u n\u00e0y gi\u00fap b\u1ea1n d\u1ec5 d\u00e0ng \u0111i\u1ec1u ch\u1ec9nh m\u00e1y h\u00fat m\u00f9i theo m\u1ee9c \u0111\u1ed9 m\u00f9i h\u00f4i v\u00e0 d\u1ea7u m\u1ee1 trong qu\u00e1 tr\u00ecnh n\u1ea5u n\u01b0\u1edbng.<\/p>\n<p>M\u00e1y h\u00fat m\u00f9i VS 6270G ho\u1ea1t \u0111\u1ed9ng v\u1edbi \u0111\u1ed9 \u1ed3n th\u1ea5p, \u00edt \u1ea3nh h\u01b0\u1edfng \u0111\u1ebfn s\u1ef1 y\u00ean t\u0129nh trong kh\u00f4ng gian b\u1ebfp. V\u1edbi \u0111\u1ed9 \u1ed3n d\u01b0\u1edbi 56dB, b\u1ea1n c\u00f3 th\u1ec3 tho\u1ea3i m\u00e1i s\u1eed d\u1ee5ng m\u00e1y m\u00e0 kh\u00f4ng g\u00e2y phi\u1ec1n nhi\u1ec5u cho b\u1ea3n th\u00e2n v\u00e0 gia \u0111\u00ecnh.<\/p>\n<p>\u0110\u1ed9ng c\u01a1 tuabin si\u00eau b\u1ec1n tr\u00ean m\u00e1y h\u00fat m\u00f9i VS 6270G \u0111\u1ea3m b\u1ea3o hi\u1ec7u su\u1ea5t h\u00fat m\u1ea1nh m\u1ebd v\u00e0 \u0111\u1ed3ng th\u1eddi k\u00e9o d\u00e0i tu\u1ed5i th\u1ecd c\u1ee7a m\u00e1y. V\u1edbi 3 t\u1ed1c \u0111\u1ed9 \u0111i\u1ec1u khi\u1ec3n kh\u00e1c nhau, b\u1ea1n c\u00f3 th\u1ec3 linh ho\u1ea1t \u0111i\u1ec1u ch\u1ec9nh c\u00f4ng su\u1ea5t h\u00fat theo nhu c\u1ea7u s\u1eed d\u1ee5ng.<\/p>\n<p>M\u1eb7t k\u00ednh cao c\u1ea5p cong 5mm l\u00e0 m\u1ed9t \u0111i\u1ec3m nh\u1ea5n th\u1ea9m m\u1ef9 tr\u00ean m\u00e1y h\u00fat m\u00f9i VS 6270G. V\u1edbi m\u1eb7t k\u00ednh cong tinh t\u1ebf, n\u00f3 kh\u00f4ng ch\u1ec9 t\u1ea1o n\u00ean v\u1ebb \u0111\u1eb9p hi\u1ec7n \u0111\u1ea1i m\u00e0 c\u00f2n d\u1ec5 d\u00e0ng v\u1ec7 sinh v\u00e0 duy tr\u00ec. N\u1eafp ch\u1ee5p r\u1ed9ng 70\/90cm tr\u00ean m\u00e1y h\u00fat m\u00f9i cho ph\u00e9p n\u1eafp m\u1edf r\u1ed9ng v\u00e0 thu nh\u1ecf linh ho\u1ea1t \u0111\u1ec3 ph\u00f9 h\u1ee3p v\u1edbi kh\u00f4ng gian b\u1ebfp c\u1ee7a b\u1ea1n.<\/p>\n<p>L\u01b0\u1edbi l\u1ecdc d\u1ea1ng thanh tr\u00ean m\u00e1y h\u00fat m\u00f9i VS 6270G gi\u00fap lo\u1ea1i b\u1ecf m\u00f9i h\u00f4i v\u00e0 d\u1ea7u m\u1ee1 t\u1eeb kh\u00f4ng kh\u00ed trong qu\u00e1 tr\u00ecnh n\u1ea5u n\u01b0\u1edbng. \u1ed0ng kh\u00f3i 4050*290mm \u0111\u01b0\u1ee3c l\u00e0m t\u1eeb ch\u1ea5t li\u1ec7u 430 s\/s \u0111\u1ea3m b\u1ea3o \u0111\u1ed9 b\u1ec1n v\u00e0 kh\u1ea3 n\u0103ng ch\u1ed1ng \u0103n m\u00f2n.<\/p>\n<p>M\u00e1y h\u00fat m\u00f9i VS 6270G c\u00f2n \u0111\u01b0\u1ee3c trang b\u1ecb b\u1ed9 l\u1ecdc than ho\u1ea1t t\u00ednh, gi\u00fap lo\u1ea1i b\u1ecf hi\u1ec7u qu\u1ea3 m\u00f9i h\u00f4i v\u00e0 c\u00e1c ch\u1ea5t g\u00e2y \u00f4 nhi\u1ec5m kh\u00e1c trong kh\u00f4ng gian b\u1ebfp. \u0110i\u1ec1u n\u00e0y \u0111\u1ea3m b\u1ea3o kh\u00f4ng kh\u00ed trong kh\u00f4ng gian b\u1ebfp lu\u00f4n trong l\u00e0nh v\u00e0 tho\u00e1ng m\u00e1t.<\/p>\n<p>V\u1edbi k\u00edch th\u01b0\u1edbc 700, m\u00e1y h\u00fat m\u00f9i VS 6270G ph\u00f9 h\u1ee3p v\u1edbi c\u00e1c kh\u00f4ng gian b\u1ebfp c\u00f3 di\u1ec7n t\u00edch trung b\u00ecnh. B\u1ea1n c\u00f3 th\u1ec3 d\u1ec5 d\u00e0ng l\u1eafp \u0111\u1eb7t m\u00e1y v\u00e0o kh\u00f4ng gian b\u1ebfp c\u1ee7a m\u00ecnh m\u00e0 kh\u00f4ng g\u1eb7p kh\u00f3 kh\u0103n.<\/p>\n<p>M\u00e1y h\u00fat m\u00f9i VS 6270G l\u00e0 s\u1ef1 k\u1ebft h\u1ee3p ho\u00e0n h\u1ea3o gi\u1eefa hi\u1ec7u su\u1ea5t h\u00fat m\u1ea1nh m\u1ebd v\u00e0 t\u00ednh ti\u1ec7n \u00edch \u0111\u00e1ng tin c\u1eady. V\u1edbi \u0111i\u1ec1u khi\u1ec3n c\u01a1, \u0111\u1ed9 \u1ed3n th\u1ea5p, \u0111\u1ed9ng c\u01a1 tuabin si\u00eau b\u1ec1n, m\u1eb7t k\u00ednh cao c\u1ea5p cong 5mm v\u00e0 c\u00e1c t\u00ednh n\u0103ng ti\u1ec7n \u00edch kh\u00e1c, m\u00e1y h\u00fat m\u00f9i n\u00e0y s\u1ebd \u0111\u00e1p \u1ee9ng t\u1ed1t c\u00e1c nhu c\u1ea7u h\u00fat m\u00f9i v\u00e0 l\u00e0m cho kh\u00f4ng gian b\u1ebfp c\u1ee7a b\u1ea1n tr\u1edf n\u00ean tho\u00e1ng m\u00e1t v\u00e0 th\u1ea9m m\u1ef9.<\/p>\n","protected":false},"excerpt":{"rendered":"<p>+ M\u00e1y h\u00fat m\u00f9i k\u00ednh cong, th\u00e2n l\u00e0m b\u1eb1ng th\u00e9p kh\u00f4ng g\u1ec9 430SS cao c\u1ea5p<\/p>\n<p>+ Ngu\u1ed3n \u0111i\u1ec7n 220V\/50hz,<\/p>\n<p>+ \u0110\u1ed9ng c\u01a1 215W.<\/p>\n<p>+ L\u01b0u l\u01b0\u1ee3ng h\u00fat: 1.000m3\/h<\/p>\n<p>+ \u0110\u00e8n Led Led 2*1.5W.<\/p>\n","protected":false},"featured_media":29502,"comment_status":"open","ping_status":"closed","template":"","meta":[],"product_brand":[],"product_cat":[147],"product_tag":[],"class_list":{"0":"post-29501","1":"product","2":"type-product","3":"status-publish","4":"has-post-thumbnail","6":"product_cat-do-gia-dung","8":"first","9":"instock","10":"taxable","11":"shipping-taxable","12":"purchasable","13":"product-type-simple"},"_links":{"self":[{"href":"https:\/\/dienmaytuandat.com\/index.php\/wp-json\/wp\/v2\/product\/29501","targetHints":{"allow":["GET"]}}],"collection":[{"href":"https:\/\/dienmaytuandat.com\/index.php\/wp-json\/wp\/v2\/product"}],"about":[{"href":"https:\/\/dienmaytuandat.com\/index.php\/wp-json\/wp\/v2\/types\/product"}],"replies":[{"embeddable":true,"href":"https:\/\/dienmaytuandat.com\/index.php\/wp-json\/wp\/v2\/comments?post=29501"}],"version-history":[{"count":0,"href":"https:\/\/dienmaytuandat.com\/index.php\/wp-json\/wp\/v2\/product\/29501\/revisions"}],"wp:featuredmedia":[{"embeddable":true,"href":"https:\/\/dienmaytuandat.com\/index.php\/wp-json\/wp\/v2\/media\/29502"}],"wp:attachment":[{"href":"https:\/\/dienmaytuandat.com\/index.php\/wp-json\/wp\/v2\/media?parent=29501"}],"wp:term":[{"taxonomy":"product_brand","embeddable":true,"href":"https:\/\/dienmaytuandat.com\/index.php\/wp-json\/wp\/v2\/product_brand?post=29501"},{"taxonomy":"product_cat","embeddable":true,"href":"https:\/\/dienmaytuandat.com\/index.php\/wp-json\/wp\/v2\/product_cat?post=29501"},{"taxonomy":"product_tag","embeddable":true,"href":"https:\/\/dienmaytuandat.com\/index.php\/wp-json\/wp\/v2\/product_tag?post=29501"}],"curies":[{"name":"wp","href":"https:\/\/api.w.org\/{rel}","templated":true}]}}