{"id":29627,"date":"2024-07-24T12:06:48","date_gmt":"2024-07-24T12:06:48","guid":{"rendered":"https:\/\/dienmaytuandat.com\/?post_type=product&#038;p=29627"},"modified":"2024-07-29T01:41:05","modified_gmt":"2024-07-29T01:41:05","slug":"tu-dong-252-lit-inverter-hoa-phat-hpf-ad8252","status":"publish","type":"product","link":"https:\/\/dienmaytuandat.com\/index.php\/san-pham\/tu-dong-252-lit-inverter-hoa-phat-hpf-ad8252\/","title":{"rendered":"T\u1ee6 \u0110\u00d4NG 252 L\u00cdT INVERTER H\u00d2A PH\u00c1T HPF-AD8252"},"content":{"rendered":"<p>T\u1ee7 \u0111\u00f4ng H\u00f2a Ph\u00e1t Inverter 1 ng\u0103n 1 ch\u1ebf \u0111\u1ed9 \u0111\u00f4ng HPF AD8252<\/p>\n<p>M\u00e3 s\u1ea3n ph\u1ea9m: HPF AD8252<\/p>\n<p>\u2013 Dung t\u00edch s\u1eed d\u1ee5ng 252 l\u00edt<\/p>\n<p>\u2013 Lo\u1ea1i 1 ch\u1ebf \u0111\u1ed9 (\u0110\u00f4ng), 1 c\u00e1nh m\u1edf<\/p>\n<p>\u2013 D\u00e0n l\u1ea1nh \u0111\u1ed3ng, m\u00f4i ch\u1ea5t l\u1ea1nh R600a, c\u00f4ng ngh\u1ec7 Inverter<\/p>\n<p>T\u1ee7 \u0111\u00f4ng H\u00f2a Ph\u00e1t HPF AD8252 s\u1edf h\u1eefu c\u00f4ng ngh\u1ec7 Extra Freezing \u0111\u00f4ng s\u00e2u t\u1edbi -30 \u0111\u1ed9 C, d\u00e0n m\u00e1y n\u00e9n kho\u1ebb v\u00e0 h\u1ec7 th\u1ed1ng ch\u1ed1ng tho\u00e1t h\u01a1i l\u1ea1nh v\u1edbi l\u1edbp b\u1ea3o \u00f4n d\u00e0y 62mm.<\/p>\n<p>Model (M\u00c3 S\u1ea2N PH\u1ea8M): HPF-AD8252<br \/>\n-H\u00c3NG S\u1ea2N XU\u1ea4T: H\u00d2A PH\u00c1T<br \/>\n-DUNG T\u00cdCH S\u1ea2N PH\u1ea8M: 252 L\u00cdT<br \/>\n-C\u00d4NG SU\u1ea4T S\u1eec D\u1ee4NG: 80 W<br \/>\n-NHI\u1ec6T \u0110\u1ed8 NG\u0102N \u0110\u00d4NG: \u2264-30\u2103<br \/>\n-KI\u1ec2U D\u00c1NG T\u1ee6: 1 NG\u0102N \u0110\u00d4NG, 1 C\u00c1NH C\u1eecA<br \/>\n-D\u00c0N L\u1ea0NH S\u1eec D\u1ee4NG: D\u00c0N L\u1ea0NH \u1ed0NG \u0110\u1ed2NG<br \/>\n\u2013C\u00d4NG NGH\u1ec6 TI\u1ebeT KI\u00caM \u0110I\u1ec6N: INVERTER<br \/>\n\u2013M\u00d4I CH\u1ea4T L\u00c0M LANH : GAS R600a<br \/>\n\u2013K\u00cdNH C\u01af\u1edcNG L\u1ef0C: C\u00d3 S\u1eec D\u1ee4NG C\u1eecA K\u00cdNH C\u01af\u1edcNG L\u1ef0C<br \/>\n-K\u00cdCH TH\u01af\u1edaC SP (DxRxC):1080 x 610 x 885 MM<\/p>\n","protected":false},"excerpt":{"rendered":"<p><img decoding=\"async\" src=\"https:\/\/sudospaces.com\/hoaphat-com-vn\/2022\/11\/inverter-td-chuan-14.jpg\" \/><\/p>\n<p>C\u00d4NG NGH\u00ca\u0323 EXTRA FREEZING<\/p>\n<p>Hoa\u0300 pha\u0301t t\u01b0\u0323 ha\u0300o ti\u00ean phong \u0111\u0103\u0323t n\u00ea\u0300n mo\u0301ng c\u00f4ng ngh\u00ea\u0323 \u0111\u00f4ng s\u00e2u \u2013 30 \u0111\u00f4\u0323 C -extra freezing b\u0103\u0300ng s\u01b0\u0323 k\u00ea\u0301t h\u01a1\u0323p gi\u01b0\u0303a c\u00f4ng xu\u00e2\u0301t ma\u0301y ne\u0301n khoe\u0309, da\u0300n la\u0323nh si\u00eau b\u00ea\u0300n d\u00e2\u0303n nhi\u00ea\u0323t t\u00f4\u0301t va\u0300 GAS R600a hi\u00ea\u0323u xu\u00e2\u0301t la\u0300m la\u0323nh cao, th\u00e2n thi\u00ea\u0323n m\u00f4i tr\u01b0\u01a1\u0300ng giu\u0301p tu\u0309 \u0111\u00f4ng hoa\u0300 pha\u0301t \u0111a\u0323t \u0111\u00f4\u0323 la\u0323nh s\u00e2u l\u00ean t\u01a1\u0301i -30 \u0111\u00f4\u0323 c, g\u00e2\u0301p 2 l\u00e2\u0300n so v\u01a1\u0301i tu\u0309 th\u00f4ng th\u01b0\u01a1\u0300ng.<\/p>\n<p><img decoding=\"async\" src=\"https:\/\/sudospaces.com\/hoaphat-com-vn\/2022\/11\/inverter-td-chuan-02.jpg\" \/><\/p>\n<p>H\u1ec6 TH\u1ed0NG CH\u1ed0NG THO\u00c1T H\u01a0I L\u1ea0NH<\/p>\n<p>L\u1edbp b\u1ea3o \u00f4n (v\u1ecf t\u1ee7) d\u00e0y 62mm s\u1ea3n xu\u1ea5t b\u1eb1ng d\u00e2y chuy\u1ec1n nh\u1eadp kh\u1ea9u t\u1eeb Ch\u00e2u \u00c2u. Nguy\u00ean li\u1ec7u l\u1edbp b\u1ea3o \u00f4n t\u1eeb nh\u00e0 cung c\u1ea5p M\u1ef9, k\u00e8m theo gio\u0103ng c\u00e1nh t\u1ee7 v\u00e0 k\u00ednh ch\u1ed1ng tho\u00e1t nhi\u1ec7t gi\u00fap t\u1ee7 l\u01b0u gi\u1eef h\u01a1i l\u1ea1nh l\u00e2u h\u01a1n v\u00e0 ti\u1ebft ki\u1ec7m \u0111i\u1ec7n n\u0103ng t\u1ed1i \u0111a.<\/p>\n<p><img decoding=\"async\" src=\"https:\/\/sudospaces.com\/hoaphat-com-vn\/2022\/11\/inverter-td-chuan-11.jpg\" \/><br \/>\nTI\u1ebeT KI\u1ec6M \u0110I\u1ec6N N\u0102NG V\u1edaI NGH\u1ec6 INVERTER<\/p>\n<p>S\u1edf h\u1eefu c\u00f4ng ngh\u1ec7 inverter bi\u1ebfn t\u1ea7n,t\u1ee7 \u0111\u00f4ng ho\u00e0 ph\u00e1t c\u00f3 kh\u1ea3 n\u0103ng t\u1ef1 \u0111\u1ed9ng \u0111i\u1ec1u ch\u1ec9nh ho\u1ea1t \u0111\u1ed9ng c\u1ee7a \u0111\u1ed9ng c\u01a1, gi\u00fap m\u00e1y ho\u1ea1t \u0111\u00f4ng \u00eam \u00e1i, kh\u1ea3 n\u0103ng v\u1eadn h\u00e0nh b\u1ec1n b\u1ec9, duy tr\u00ec nhi\u1ec7t \u0111\u1ed9 \u1ed5n \u0111\u1ecbnh \u0111em \u0111\u1ebfn hi\u1ec7u qu\u1ea3 b\u1ea3o qu\u1ea3n th\u1ef1c ph\u1ea9m tuy\u1ec7t v\u1eddi.<\/p>\n<p><img decoding=\"async\" src=\"https:\/\/sudospaces.com\/hoaphat-com-vn\/2022\/11\/td-tieu-chuan-22.jpg\" \/><br \/>\nTRANG B\u1eca THU\u1eacN TI\u1ec6N<\/p>\n<p>S\u1ea3n ph\u1ea9m c\u00f3 trang b\u1ecb b\u00e1nh xe d\u1ec5 d\u00e0ng di chuy\u1ec3n v\u00e0 gi\u1ecf \u0111\u1ef1ng \u0111\u1ed3 chia ng\u0103n ti\u1ec7n l\u1ee3i, ph\u00e2n lo\u1ea1i th\u1ef1c ph\u1ea9m theo \u00fd th\u00edch<\/p>\n<p><img decoding=\"async\" src=\"https:\/\/sudospaces.com\/hoaphat-com-vn\/2022\/11\/inverter-td-chuan-12.jpg\" \/><br \/>\nS\u1ee8C CH\u1ee8A R\u1ed8NG R\u00c3I<\/p>\n<p>s\u1edf h\u1eefu dung t\u00edch l\u1edbn, t\u1ee7 \u0111\u00f4ng Ho\u00e0 Ph\u00e1t c\u00f3 kh\u1ea3 n\u0103ng l\u01b0u tr\u1eef th\u1ef1c ph\u1ea9m \u1ea5n t\u01b0\u1ee3ng v\u1ec1 s\u1ed1 l\u01b0\u1ee3ng c\u0169ng nh\u01b0 ch\u1ea5t l\u01b0\u1ee3ng t\u01b0\u01a1i ngon d\u00e0i l\u00e2u<br \/>\nH\u1ec6 TH\u1ed0NG L\u00c0M L\u1ea0NH 360 \u0110\u1ed8<\/p>\n<p><img decoding=\"async\" src=\"https:\/\/sudospaces.com\/hoaphat-com-vn\/2022\/11\/inverter-td-chuan-13.jpg\" \/><\/p>\n<p>H\u1ec7 th\u1ed1ng l\u00e0m l\u1ea1nh 360 \u0111\u1ed9 c\u1ee7a T\u1ee7 \u0111\u00f4ng Ho\u00e0 Ph\u00e1t v\u1edbi d\u00e0n l\u1ea1nh b\u1eb1ng \u0111\u1ed3ng gi\u00fap c\u00e1c lu\u1ed3ng kh\u00ed l\u1ea1nh di chuy\u1ec3n \u0111a chi\u1ec1u v\u00e0 lan t\u1ecfa \u0111\u1ec1u \u0111\u1ebfn c\u00e1c khu v\u1ef1c b\u00ean trong c\u1ee7a t\u1ee7, l\u00e0m l\u1ea1nh nhanh ch\u00f3ng v\u00e0 \u0111\u1ed3ng \u0111\u1ec1u h\u01a1n, duy tr\u00ec nhi\u1ec7t \u0111\u1ed9, \u0111\u1ed9 \u1ea9m \u1ed5n \u0111\u1ecbnh, ti\u1ebft ki\u1ec7m \u0111i\u1ec7n n\u0103ng hi\u1ec7u qu\u1ea3. Nh\u1edd h\u1ec7 th\u1ed1ng l\u00e0m l\u1ea1nh n\u00e0y, th\u1ef1c ph\u1ea9m \u0111\u01b0\u1ee3c c\u1ea5p \u0111\u00f4ng \u0111\u1ec1u h\u01a1n, \u0111\u1ea7y \u0111\u1ee7 h\u01a1n v\u00e0 t\u01b0\u01a1i ngon d\u00e0i l\u00e2u h\u01a1n.<\/p>\n<p><img decoding=\"async\" src=\"https:\/\/sudospaces.com\/hoaphat-com-vn\/2022\/11\/inverter-td-chuan-10.jpg\" \/><\/p>\n<p><img decoding=\"async\" src=\"https:\/\/sudospaces.com\/hoaphat-com-vn\/2022\/11\/inverter-td-chuan-16.jpg\" \/><\/p>\n","protected":false},"featured_media":29630,"comment_status":"open","ping_status":"closed","template":"","meta":[],"product_brand":[],"product_cat":[108],"product_tag":[],"class_list":{"0":"post-29627","1":"product","2":"type-product","3":"status-publish","4":"has-post-thumbnail","6":"product_cat-tu-dong-va-tu-mat","8":"first","9":"instock","10":"taxable","11":"shipping-taxable","12":"purchasable","13":"product-type-simple"},"_links":{"self":[{"href":"https:\/\/dienmaytuandat.com\/index.php\/wp-json\/wp\/v2\/product\/29627","targetHints":{"allow":["GET"]}}],"collection":[{"href":"https:\/\/dienmaytuandat.com\/index.php\/wp-json\/wp\/v2\/product"}],"about":[{"href":"https:\/\/dienmaytuandat.com\/index.php\/wp-json\/wp\/v2\/types\/product"}],"replies":[{"embeddable":true,"href":"https:\/\/dienmaytuandat.com\/index.php\/wp-json\/wp\/v2\/comments?post=29627"}],"version-history":[{"count":0,"href":"https:\/\/dienmaytuandat.com\/index.php\/wp-json\/wp\/v2\/product\/29627\/revisions"}],"wp:featuredmedia":[{"embeddable":true,"href":"https:\/\/dienmaytuandat.com\/index.php\/wp-json\/wp\/v2\/media\/29630"}],"wp:attachment":[{"href":"https:\/\/dienmaytuandat.com\/index.php\/wp-json\/wp\/v2\/media?parent=29627"}],"wp:term":[{"taxonomy":"product_brand","embeddable":true,"href":"https:\/\/dienmaytuandat.com\/index.php\/wp-json\/wp\/v2\/product_brand?post=29627"},{"taxonomy":"product_cat","embeddable":true,"href":"https:\/\/dienmaytuandat.com\/index.php\/wp-json\/wp\/v2\/product_cat?post=29627"},{"taxonomy":"product_tag","embeddable":true,"href":"https:\/\/dienmaytuandat.com\/index.php\/wp-json\/wp\/v2\/product_tag?post=29627"}],"curies":[{"name":"wp","href":"https:\/\/api.w.org\/{rel}","templated":true}]}}