{"id":29685,"date":"2024-07-30T04:28:58","date_gmt":"2024-07-30T04:28:58","guid":{"rendered":"https:\/\/dienmaytuandat.com\/?post_type=product&#038;p=29685"},"modified":"2024-07-30T04:28:58","modified_gmt":"2024-07-30T04:28:58","slug":"quat-dien-senko-remote-tr1683","status":"publish","type":"product","link":"https:\/\/dienmaytuandat.com\/index.php\/san-pham\/quat-dien-senko-remote-tr1683\/","title":{"rendered":"Qu\u1ea1t \u0111i\u1ec7n Senko remote TR1683"},"content":{"rendered":"<p>Qu\u1ea1t treo Senko TR1628 v\u1edbi thi\u1ebft k\u1ebf trang nh\u00e3, c\u00f4ng su\u1ea5t 47W c\u00f9ng 3 c\u00e1nh qu\u1ea1t \u0111\u01b0\u1eddng k\u00ednh 39 cm t\u1ea1o ra lu\u1ed3ng gi\u00f3 m\u00e1t tr\u1ea3i \u0111\u1ec1u v\u00e0 \u1ed5n \u0111\u1ecbnh, trang b\u1ecb motor b\u1ea1c thau b\u1ec1n b\u1ec9, qu\u1ea1t \u0111i k\u00e8m remote \u0111i\u1ec1u khi\u1ec3n t\u1eeb xa thu\u1eadn ti\u1ec7n,&#8230;<\/p>\n<p>Thi\u1ebft k\u1ebf c\u1ee7a s\u1ea3n ph\u1ea9m<br \/>\n&#8211; Thi\u1ebft k\u1ebf d\u1ea1ng treo t\u01b0\u1eddng ti\u1ebft ki\u1ec7m kh\u00f4ng gian, d\u1ec5 d\u00e0ng l\u1eafp \u0111\u1eb7t \u1edf nhi\u1ec1u kh\u00f4ng gian ph\u00f2ng kh\u00e1ch, ph\u00f2ng ng\u1ee7,&#8230;<\/p>\n<p> Thi\u1ebft k\u1ebf<\/p>\n<p>&#8211; 3 c\u00e1nh qu\u1ea1t \u0111\u01b0\u1eddng k\u00ednh 39 cm gi\u00fap t\u1ea1o l\u00e0n gi\u00f3 m\u00e1t tr\u1ea3i r\u1ed9ng.<\/p>\n<p>Senko TR1628 &#8211; 3 c\u00e1nh qu\u1ea1t<\/p>\n<p>&#8211; L\u1ed3ng qu\u1ea1t c\u00f3 khe h\u1edf nan qu\u1ea1t nh\u1ecf, an to\u00e0n khi s\u1eed d\u1ee5ng.<\/p>\n<p>Xem th\u00eam: C\u00e1c ti\u1ec7n \u00edch c\u1ee7a qu\u1ea1t \u0111i\u1ec7n hi\u1ec7n nay.<\/p>\n<p>Lo\u1ea1i motor v\u00e0 c\u00f4ng su\u1ea5t ho\u1ea1t \u0111\u1ed9ng<br \/>\n&#8211; M\u1eabu qu\u1ea1t treo t\u01b0\u1eddng n\u00e0y c\u1ee7a Senko s\u1eed d\u1ee5ng \u0111\u1ed9ng c\u01a1 b\u1ea1c thau, gi\u00fap qu\u1ea1t ho\u1ea1t \u0111\u1ed9ng \u00eam \u00e1i v\u00e0 b\u1ec1n b\u1ec9. \u0110\u1ed9ng c\u01a1 b\u1ea3o h\u00e0nh 2 n\u0103m, an t\u00e2m khi s\u1eed d\u1ee5ng.<\/p>\n<p>&#8211; C\u00f4ng su\u1ea5t 47W ho\u1ea1t \u0111\u1ed9ng \u1ed5n \u0111\u1ecbnh.<\/p>\n<p>Senko TR1628 &#8211; C\u00f4ng su\u1ea5t<\/p>\n<p>M\u1ee9c gi\u00f3, ch\u1ebf \u0111\u1ed9 gi\u00f3<br \/>\n&#8211; M\u1eabu qu\u1ea1t Senko n\u00e0y c\u00f3 3 m\u1ee9c gi\u00f3 t\u1eeb th\u1ea5p \u0111\u1ebfn cao, d\u1ec5 d\u00e0ng tu\u1ef3 ch\u1ec9nh theo nhu c\u1ea7u.<\/p>\n<p>&#8211; Trang b\u1ecb 3 ch\u1ebf \u0111\u1ed9 gi\u00f3:<\/p>\n<p>+ Gi\u00f3 th\u01b0\u1eddng: Qu\u1ea1t s\u1ebd th\u1ed5i ra lu\u1ed3ng gi\u00f3 v\u1edbi t\u1ed1c \u0111\u1ed9 \u0111\u1ec1u \u0111\u1eb7n kh\u00f4ng lu\u00e2n phi\u00ean theo nh\u1ecbp \u0111i\u1ec7u l\u00fac m\u1ea1nh, l\u00fac y\u1ebfu.<\/p>\n<p>+ Gi\u00f3 ng\u1ee7: Qu\u1ea1t s\u1ebd th\u1ed5i ra l\u00e0n gi\u00f3 d\u1ecbu nh\u1eb9, cho b\u1ea1n c\u1ea3m gi\u00e1c th\u01b0 th\u00e1i d\u1ec5 ch\u00ecm v\u00e0o gi\u1ea5c ng\u1ee7 h\u01a1n.<\/p>\n<p>+ Gi\u00f3 t\u1ef1 nhi\u00ean: Lu\u1ed3ng gi\u00f3 th\u1ed5i t\u1eeb c\u00e1nh qu\u1ea1t s\u1ebd lu\u00e2n phi\u00ean theo nh\u1ecbp \u0111i\u1ec7u, l\u00fac m\u1ea1nh l\u00fac y\u1ebfu, mang l\u1ea1i l\u00e0n gi\u00f3 m\u00e1t m\u1ed9t c\u00e1ch d\u1ec5 ch\u1ecbu nh\u1ea5t cho kh\u00f4ng gian ph\u00f2ng.<\/p>\n<p>Senko TR1628 &#8211; Ch\u1ebf \u0111\u1ed9 gi\u00f3<\/p>\n<p>B\u1ea3ng \u0111i\u1ec1u khi\u1ec3n<br \/>\n&#8211; S\u1eed d\u1ee5ng n\u00fat nh\u1ea5n c\u00f3 tr\u00ean qu\u1ea1t \u0111\u1ec3 tu\u1ef3 ch\u1ec9nh m\u1ee9c gi\u00f3 v\u00f4 c\u00f9ng d\u1ec5 d\u00e0ng, th\u00edch h\u1ee3p cho c\u1ea3 ng\u01b0\u1eddi l\u1edbn tu\u1ed5i.<\/p>\n<p>&#8211; Qu\u1ea1t c\u00f3 trang b\u1ecb th\u00eam remote \u0111i k\u00e8m cho ph\u00e9p ng\u01b0\u1eddi d\u00f9ng tu\u1ef3 ch\u1ec9nh t\u1eeb xa, kh\u00f4ng c\u1ea7n l\u1ea1i g\u1ea7n qu\u1ea1t.<\/p>\n<p>Senko TR1628 &#8211; Remote<\/p>\n<p>Ti\u1ec7n \u00edch<br \/>\n&#8211; C\u00f3 remote \u0111i\u1ec1u khi\u1ec3n t\u1eeb xa. <\/p>\n<p>&#8211; H\u1eb9n gi\u1edd t\u1eaft \u0111\u1ebfn 8 ti\u1ebfng.<\/p>\n<p>Qu\u1ea1t treo Senko TR1628 &#8211; Ti\u1ec7n \u00edch<\/p>\n<p>Qu\u1ea1t treo Senko TR1628 ho\u1ea1t \u0111\u1ed9ng v\u1edbi c\u00f4ng su\u1ea5t 47W, trang b\u1ecb 3 c\u00e1nh qu\u1ea1t, 3 m\u1ee9c gi\u00f3, \u0111\u1ed9ng c\u01a1 b\u1ea1c thau cho qu\u1ea1t ho\u1ea1t \u0111\u1ed9ng \u00eam \u00e1i, qu\u1ea1t c\u00f2n c\u00f3 remote \u0111i\u1ec1u khi\u1ec3n t\u1eeb xa ti\u1ec7n l\u1ee3i,&#8230; <\/p>\n","protected":false},"excerpt":{"rendered":"<p>Thi\u1ebft k\u1ebf treo t\u01b0\u1eddng g\u1ecdn g\u00e0ng<br \/>\n\u0110\u1ed9ng c\u01a1 b\u1ea1c thau b\u1ec1n b\u1ec9 v\u1edbi c\u00f4ng su\u1ea5t 47W<br \/>\n3 c\u00e1nh qu\u1ea1t v\u1edbi \u0111\u01b0\u1eddng k\u00ednh 39 cm  t\u1ea1o lu\u1ed3ng gi\u00f3 m\u00e1t tr\u1ea3i r\u1ed9ng<br \/>\nh\u1eb9n gi\u1edb t\u1eaft \u0111\u1ebfn 8 ti\u1ebfng ch\u1ee7 \u0111\u1ed9ng th\u1eddi gian s\u1eed d\u1ee5ng<br \/>\nC\u00f3 remote \u0111i\u1ec1u ch\u1ec9nh t\u1eeb xa d\u00ea d\u00e0ng tu\u1ef3 ch\u1ec9nh<\/p>\n","protected":false},"featured_media":29695,"comment_status":"open","ping_status":"closed","template":"","meta":[],"product_brand":[],"product_cat":[147],"product_tag":[],"class_list":{"0":"post-29685","1":"product","2":"type-product","3":"status-publish","4":"has-post-thumbnail","6":"product_cat-do-gia-dung","8":"first","9":"instock","10":"taxable","11":"shipping-taxable","12":"purchasable","13":"product-type-simple"},"_links":{"self":[{"href":"https:\/\/dienmaytuandat.com\/index.php\/wp-json\/wp\/v2\/product\/29685","targetHints":{"allow":["GET"]}}],"collection":[{"href":"https:\/\/dienmaytuandat.com\/index.php\/wp-json\/wp\/v2\/product"}],"about":[{"href":"https:\/\/dienmaytuandat.com\/index.php\/wp-json\/wp\/v2\/types\/product"}],"replies":[{"embeddable":true,"href":"https:\/\/dienmaytuandat.com\/index.php\/wp-json\/wp\/v2\/comments?post=29685"}],"version-history":[{"count":0,"href":"https:\/\/dienmaytuandat.com\/index.php\/wp-json\/wp\/v2\/product\/29685\/revisions"}],"wp:featuredmedia":[{"embeddable":true,"href":"https:\/\/dienmaytuandat.com\/index.php\/wp-json\/wp\/v2\/media\/29695"}],"wp:attachment":[{"href":"https:\/\/dienmaytuandat.com\/index.php\/wp-json\/wp\/v2\/media?parent=29685"}],"wp:term":[{"taxonomy":"product_brand","embeddable":true,"href":"https:\/\/dienmaytuandat.com\/index.php\/wp-json\/wp\/v2\/product_brand?post=29685"},{"taxonomy":"product_cat","embeddable":true,"href":"https:\/\/dienmaytuandat.com\/index.php\/wp-json\/wp\/v2\/product_cat?post=29685"},{"taxonomy":"product_tag","embeddable":true,"href":"https:\/\/dienmaytuandat.com\/index.php\/wp-json\/wp\/v2\/product_tag?post=29685"}],"curies":[{"name":"wp","href":"https:\/\/api.w.org\/{rel}","templated":true}]}}