{"id":30418,"date":"2024-10-07T03:28:24","date_gmt":"2024-10-07T03:28:24","guid":{"rendered":"https:\/\/dienmaytuandat.com\/?post_type=product&#038;p=30418"},"modified":"2024-10-15T03:01:09","modified_gmt":"2024-10-15T03:01:09","slug":"may-loc-nuoc-ion-kiem-tuoi-nong-lanh-nguoi-makano-mn369","status":"publish","type":"product","link":"https:\/\/dienmaytuandat.com\/index.php\/san-pham\/may-loc-nuoc-ion-kiem-tuoi-nong-lanh-nguoi-makano-mn369\/","title":{"rendered":"M\u00e1y l\u1ecdc n\u01b0\u1edbc ion ki\u1ec1m t\u01b0\u01a1i n\u00f3ng, l\u1ea1nh, ngu\u1ed9i Makano MN369"},"content":{"rendered":"<p><span style=\"font-size: 18pt;\"><strong>8 quy tr\u00ecnh c\u00f4ng ngh\u1ec7 x\u1eed l\u00fd \u0111\u1ea3m b\u1ea3o n\u01b0\u1edbc v\u1eeba s\u1ea1ch v\u1eeba t\u1ed1t<\/strong><\/span><\/p>\n<p>Giai \u0111o\u1ea1n 1,2,3: N\u01b0\u1edbc \u0111i qua 3 b\u1ed9 l\u1ecdc t\u1ea1o ra n\u01b0\u1edbc \u0111\u1ea1t chu\u1ea9n sinh ho\u1ea1t (PP, CTO,PP).<\/p>\n<p>Giai \u0111o\u1ea1n 4: N\u01b0\u1edbc \u0111i qua m\u00e0ng l\u1ecdc RO t\u1ea1o ra n\u01b0\u1edbc tinh khi\u1ebft.<\/p>\n<p>Giai \u0111o\u1ea1n 5: N\u01b0\u1edbc tinh khi\u1ebft \u0111i qua l\u00f5i l\u1ecdc v\u1eadt li\u1ec7u MOFs ti\u00eau di\u1ec7t c\u00e1c t\u00e1c nh\u00e2n g\u00e2y ung th\u01b0 nh\u01b0 Amoni NH4+, Amoniac NH3.<\/p>\n<p>Giai \u0111o\u1ea1n 6: \u0110i\u1ec7n ph\u00e2n n\u01b0\u1edbc RO t\u1ea1o th\u00e0nh n\u01b0\u1edbc ion ki\u1ec1m t\u01b0\u01a1i gi\u00e0u hydrogen.<\/p>\n<p>Giai \u0111o\u1ea1n 7: N\u01b0\u1edbc sau khi \u0111i\u1ec7n ph\u00e2n ti\u1ebfp t\u1ee5c \u0111i qua 2 l\u00f5i l\u1ecdc PP.<\/p>\n<p>Giai \u0111o\u1ea1n 8: N\u01b0\u1edbc \u0111i qua b\u1ed9 x\u1eed l\u00fd t\u1eeb tr\u01b0\u1eddng t\u1ea1o ra n\u01b0\u1edbc c\u00f3 b\u1ea3n ch\u1ea5t g\u1ea7n v\u1edbi tr\u1ea1ng th\u00e1i nguy\u00ean b\u1ea3n c\u1ee7a n\u01b0\u1edbc t\u1ef1 nhi\u00ean<\/p>\n","protected":false},"excerpt":{"rendered":"<p><span style=\"font-size: 14pt;\"><strong>N\u01b0\u1edbc kh\u00f4ng ch\u1ec9 s\u1ea1ch m\u00e0 c\u00f2n t\u1ed1t cho s\u1ee9c kh\u1ecfe v\u1edbi <\/strong><\/span>S\u1ef1 k\u1ebft h\u1ee3p si\u00eau th\u1ea7n k\u1ef3 c\u1ee7a<strong> b\u1ed9 t\u1ee9 c\u00f4ng<\/strong> ngh\u1ec7 b\u1eadc nh\u1ea5t<\/p>\n<p>C\u00f4ng ngh\u1ec7 l\u1ecdc RO ph\u00f9 h\u1ee3p ngu\u1ed3n n\u01b0\u1edbc Vi\u1ec7t Nam<\/p>\n<p>C\u00f4ng ngh\u1ec7 MOFs: si\u00eau h\u1ea5p th\u1ee5 ch\u1ea5t \u0111\u1ed9c h\u1ea1i<br \/>\nC\u00f4ng C\u00f4ng ngh\u1ec7 t\u1eeb tr\u01b0\u1eddng di\u1ec7u k\u1ef3: Chuy\u1ec3n c\u1ea5u tr\u00fac n\u01b0\u1edbc h\u00ecnh l\u1ee5c gi\u00e1c<\/p>\n<p>C\u00f4ng ngh\u1ec7 \u0111i\u1ec7n ph\u00e2n t\u1ea1o n\u01b0\u1edbc Ion ki\u1ec1m: Ch\u1ec9 s\u1ed1 ki\u1ec1m m\u1ee9c l\u00fd t\u01b0\u1edfng<\/p>\n","protected":false},"featured_media":30460,"comment_status":"open","ping_status":"closed","template":"","meta":[],"product_brand":[],"product_cat":[113],"product_tag":[],"class_list":{"0":"post-30418","1":"product","2":"type-product","3":"status-publish","4":"has-post-thumbnail","6":"product_cat-may-loc-nuoc","8":"first","9":"instock","10":"sale","11":"taxable","12":"shipping-taxable","13":"purchasable","14":"product-type-simple"},"_links":{"self":[{"href":"https:\/\/dienmaytuandat.com\/index.php\/wp-json\/wp\/v2\/product\/30418","targetHints":{"allow":["GET"]}}],"collection":[{"href":"https:\/\/dienmaytuandat.com\/index.php\/wp-json\/wp\/v2\/product"}],"about":[{"href":"https:\/\/dienmaytuandat.com\/index.php\/wp-json\/wp\/v2\/types\/product"}],"replies":[{"embeddable":true,"href":"https:\/\/dienmaytuandat.com\/index.php\/wp-json\/wp\/v2\/comments?post=30418"}],"version-history":[{"count":3,"href":"https:\/\/dienmaytuandat.com\/index.php\/wp-json\/wp\/v2\/product\/30418\/revisions"}],"predecessor-version":[{"id":30458,"href":"https:\/\/dienmaytuandat.com\/index.php\/wp-json\/wp\/v2\/product\/30418\/revisions\/30458"}],"wp:featuredmedia":[{"embeddable":true,"href":"https:\/\/dienmaytuandat.com\/index.php\/wp-json\/wp\/v2\/media\/30460"}],"wp:attachment":[{"href":"https:\/\/dienmaytuandat.com\/index.php\/wp-json\/wp\/v2\/media?parent=30418"}],"wp:term":[{"taxonomy":"product_brand","embeddable":true,"href":"https:\/\/dienmaytuandat.com\/index.php\/wp-json\/wp\/v2\/product_brand?post=30418"},{"taxonomy":"product_cat","embeddable":true,"href":"https:\/\/dienmaytuandat.com\/index.php\/wp-json\/wp\/v2\/product_cat?post=30418"},{"taxonomy":"product_tag","embeddable":true,"href":"https:\/\/dienmaytuandat.com\/index.php\/wp-json\/wp\/v2\/product_tag?post=30418"}],"curies":[{"name":"wp","href":"https:\/\/api.w.org\/{rel}","templated":true}]}}