{"id":30630,"date":"2024-10-23T02:51:13","date_gmt":"2024-10-23T02:51:13","guid":{"rendered":"https:\/\/dienmaytuandat.com\/?post_type=product&#038;p=30630"},"modified":"2024-11-11T02:10:39","modified_gmt":"2024-11-11T02:10:39","slug":"bep-hong-ngoai-perfect-pf-bh86","status":"publish","type":"product","link":"https:\/\/dienmaytuandat.com\/index.php\/san-pham\/bep-hong-ngoai-perfect-pf-bh86\/","title":{"rendered":"B\u1ebfp h\u1ed3ng ngo\u1ea1i Perfect PF-BH86"},"content":{"rendered":"","protected":false},"excerpt":{"rendered":"<p><span style=\"font-size: 14pt;\"><strong>\u0110\u1eb7c i\u1ec3m N\u1ed5i B\u1eadt<\/strong><\/span><br \/>\nB\u1ebfp h\u1ed3ng ngo\u1ea1i thi\u1ebft k\u1ebf tinh gi\u1ea3n 1 v\u00f9ng b\u1ebfp, g\u1ecdn nh\u1eb9 kh\u00f4ng chi\u1ebfm nhi\u1ec1u di\u1ec7n t\u00edch<br \/>\nTh\u00edch h\u1ee3p d\u00f9ng cho gia \u0111\u00ecnh, qu\u00e1n \u0103n c\u00f3 ph\u1ee5c v\u1ee5 l\u1ea9u, m\u00f3n \u0103n n\u00f3ng tr\u1ef1c ti\u1ebfp<br \/>\nM\u1eb7t k\u00ednh Ceramic s\u00e1ng b\u00f3ng, ch\u1ecbu nhi\u1ec7t, th\u1ea9m m\u1ef9 cao d\u1ec5 d\u00e0ng lau ch\u00f9i v\u1ec7 sinh<br \/>\nC\u00f4ng su\u1ea5t 2200W gi\u00fap l\u00e0m n\u00f3ng nhanh \u0111i k\u00e8m nhi\u1ec1u ch\u1ebf \u0111\u1ed9 n\u1ea5u s\u1eb5n ti\u1ec7n l\u1ee3i<br \/>\nB\u1ea3ng \u0111i\u1ec1u khi\u1ec3n c\u1ea3m \u1ee9ng si\u00eau nh\u1ea1y, ch\u1ebf \u0111\u1ed9 h\u1eb9n gi\u1edd ti\u1ec7n d\u1ee5ng cho b\u1ea1n n\u1ea5u n\u01b0\u1edbng<\/p>\n","protected":false},"featured_media":30633,"comment_status":"open","ping_status":"closed","template":"","meta":[],"product_brand":[],"product_cat":[147],"product_tag":[],"class_list":{"0":"post-30630","1":"product","2":"type-product","3":"status-publish","4":"has-post-thumbnail","6":"product_cat-do-gia-dung","8":"first","9":"instock","10":"sale","11":"taxable","12":"shipping-taxable","13":"purchasable","14":"product-type-simple"},"_links":{"self":[{"href":"https:\/\/dienmaytuandat.com\/index.php\/wp-json\/wp\/v2\/product\/30630","targetHints":{"allow":["GET"]}}],"collection":[{"href":"https:\/\/dienmaytuandat.com\/index.php\/wp-json\/wp\/v2\/product"}],"about":[{"href":"https:\/\/dienmaytuandat.com\/index.php\/wp-json\/wp\/v2\/types\/product"}],"replies":[{"embeddable":true,"href":"https:\/\/dienmaytuandat.com\/index.php\/wp-json\/wp\/v2\/comments?post=30630"}],"version-history":[{"count":3,"href":"https:\/\/dienmaytuandat.com\/index.php\/wp-json\/wp\/v2\/product\/30630\/revisions"}],"predecessor-version":[{"id":30635,"href":"https:\/\/dienmaytuandat.com\/index.php\/wp-json\/wp\/v2\/product\/30630\/revisions\/30635"}],"wp:featuredmedia":[{"embeddable":true,"href":"https:\/\/dienmaytuandat.com\/index.php\/wp-json\/wp\/v2\/media\/30633"}],"wp:attachment":[{"href":"https:\/\/dienmaytuandat.com\/index.php\/wp-json\/wp\/v2\/media?parent=30630"}],"wp:term":[{"taxonomy":"product_brand","embeddable":true,"href":"https:\/\/dienmaytuandat.com\/index.php\/wp-json\/wp\/v2\/product_brand?post=30630"},{"taxonomy":"product_cat","embeddable":true,"href":"https:\/\/dienmaytuandat.com\/index.php\/wp-json\/wp\/v2\/product_cat?post=30630"},{"taxonomy":"product_tag","embeddable":true,"href":"https:\/\/dienmaytuandat.com\/index.php\/wp-json\/wp\/v2\/product_tag?post=30630"}],"curies":[{"name":"wp","href":"https:\/\/api.w.org\/{rel}","templated":true}]}}