{"id":30697,"date":"2024-10-24T09:01:33","date_gmt":"2024-10-24T09:01:33","guid":{"rendered":"https:\/\/dienmaytuandat.com\/?post_type=product&#038;p=30697"},"modified":"2024-10-24T09:07:39","modified_gmt":"2024-10-24T09:07:39","slug":"tivi-lg-65-inch-ut73","status":"publish","type":"product","link":"https:\/\/dienmaytuandat.com\/index.php\/san-pham\/tivi-lg-65-inch-ut73\/","title":{"rendered":"Tivi LG 65 inch UT73"},"content":{"rendered":"","protected":false},"excerpt":{"rendered":"<p><span style=\"font-size: 14pt;\"><strong>\u0110\u1eb7c \u0110i\u1ec3m N\u1ed5i B\u1eadt<\/strong><\/span><\/p>\n<p>K\u00edch th\u01b0\u1edbc m\u00e0n h\u00ecnh 65 inch, \u0111\u1ed9 ph\u00e2n gi\u1ea3i 4K s\u1eafc n\u00e9t.<br \/>\nB\u1ed9 x\u1eed l\u00fd \u03b15 AI Processor 4K Gen7 t\u00e1i t\u1ea1o h\u00ecnh \u1ea3nh s\u1ed1ng \u0111\u1ed9ng nh\u01b0 th\u1eadt.<br \/>\nC\u00f4ng ngh\u1ec7 HDR10 Pro mang l\u1ea1i m\u00e0u s\u1eafc v\u00e0 \u0111\u1ed9 t\u01b0\u01a1ng ph\u1ea3n cao h\u01a1n cho c\u00e1c n\u1ed9i dung HDR.<br \/>\nC\u00f4ng ngh\u1ec7 AI Sound Pro t\u1ed1i \u01b0u ch\u1ea5t l\u01b0\u1ee3ng \u00e2m thanh theo n\u1ed9i dung hi\u1ec3n th\u1ecb.<br \/>\nTh\u1ecfa s\u1ee9c gi\u1ea3i tr\u00ed v\u1edbi c\u00e1c n\u1ed9i dung phong ph\u00fa c\u00f9ng h\u1ec7 \u0111i\u1ec1u h\u00e0nh webOS 24.<br \/>\nMagic Remote t\u00edch h\u1ee3p micro gi\u00fap \u0111i\u1ec1u khi\u1ec3n tivi b\u1eb1ng gi\u1ecdng n\u00f3i d\u1ec5 d\u00e0ng.<br \/>\nAirPlay 2, Chromecast gi\u00fap tr\u00ecnh chi\u1ebfu c\u00e1c n\u1ed9i dung t\u1eeb \u0111i\u1ec7n tho\u1ea1i l\u00ean m\u00e0n h\u00ecnh tivi d\u1ec5 d\u00e0ng<\/p>\n","protected":false},"featured_media":30608,"comment_status":"open","ping_status":"closed","template":"","meta":[],"product_brand":[],"product_cat":[32],"product_tag":[],"class_list":{"0":"post-30697","1":"product","2":"type-product","3":"status-publish","4":"has-post-thumbnail","6":"product_cat-tv","8":"first","9":"instock","10":"sale","11":"taxable","12":"shipping-taxable","13":"purchasable","14":"product-type-simple"},"_links":{"self":[{"href":"https:\/\/dienmaytuandat.com\/index.php\/wp-json\/wp\/v2\/product\/30697","targetHints":{"allow":["GET"]}}],"collection":[{"href":"https:\/\/dienmaytuandat.com\/index.php\/wp-json\/wp\/v2\/product"}],"about":[{"href":"https:\/\/dienmaytuandat.com\/index.php\/wp-json\/wp\/v2\/types\/product"}],"replies":[{"embeddable":true,"href":"https:\/\/dienmaytuandat.com\/index.php\/wp-json\/wp\/v2\/comments?post=30697"}],"version-history":[{"count":2,"href":"https:\/\/dienmaytuandat.com\/index.php\/wp-json\/wp\/v2\/product\/30697\/revisions"}],"predecessor-version":[{"id":30700,"href":"https:\/\/dienmaytuandat.com\/index.php\/wp-json\/wp\/v2\/product\/30697\/revisions\/30700"}],"wp:featuredmedia":[{"embeddable":true,"href":"https:\/\/dienmaytuandat.com\/index.php\/wp-json\/wp\/v2\/media\/30608"}],"wp:attachment":[{"href":"https:\/\/dienmaytuandat.com\/index.php\/wp-json\/wp\/v2\/media?parent=30697"}],"wp:term":[{"taxonomy":"product_brand","embeddable":true,"href":"https:\/\/dienmaytuandat.com\/index.php\/wp-json\/wp\/v2\/product_brand?post=30697"},{"taxonomy":"product_cat","embeddable":true,"href":"https:\/\/dienmaytuandat.com\/index.php\/wp-json\/wp\/v2\/product_cat?post=30697"},{"taxonomy":"product_tag","embeddable":true,"href":"https:\/\/dienmaytuandat.com\/index.php\/wp-json\/wp\/v2\/product_tag?post=30697"}],"curies":[{"name":"wp","href":"https:\/\/api.w.org\/{rel}","templated":true}]}}